{"id":9592,"date":"2021-06-30T16:22:36","date_gmt":"2021-06-30T14:22:36","guid":{"rendered":"https:\/\/www.hms-luebeck.de\/?page_id=9592"},"modified":"2021-08-04T16:51:18","modified_gmt":"2021-08-04T14:51:18","slug":"kariyer-yoenlendirmesi","status":"publish","type":"page","link":"https:\/\/www.hms-luebeck.de\/tr\/firsatlar\/kariyer-yoenlendirmesi\/","title":{"rendered":"Kariyer y\u00f6nlendirmesi"},"content":{"rendered":"<div class=\"wpb-content-wrapper\"><p>[vc_row type=&#8221;grid&#8221; video_bg=&#8221;&#8221;][vc_column dp_animation=&#8221;&#8221;]<div class=\"headline  \"><h3><span>Kariyer y\u00f6nlendirmesi<\/span><\/h3><\/div>[vc_column_text dp_animation=&#8221;&#8221;]2007 y\u0131l\u0131ndan bu yana, HMS&#8217;de 8. s\u0131n\u0131ftan 10. s\u0131n\u0131ftaki mezuniyete kadar &#8220;esnek s\u0131n\u0131flar&#8221;daki &#8220;HK PLuS&#8221; kapsam\u0131nda bir meslek oryantasyonu ko\u00e7u \u00e7al\u0131\u015fmaktad\u0131r.<\/p>\n<p>&#8220;Eylem Konsepti Uygulamas\u0131, Ya\u015fam Planlamas\u0131 ve Okul&#8221; projesi, Schleswig-Holstein eyaletinin bir projesidir ve hemen hemen t\u00fcm L\u00fcbeck okullar\u0131nda uygulanmaktad\u0131r.<\/p>\n<p>Meslek oryantasyonu ko\u00e7u; \u00f6\u011frencilerin g\u00fc\u00e7l\u00fc y\u00f6nlerini, ilgi alanlar\u0131n\u0131 ve becerilerini tan\u0131ma, ki\u015fisel ve mesleki gelecek i\u00e7in hedefler belirleme ve bu ad\u0131mlar\u0131 uygulama konusunda \u00f6\u011frencileri destekler.<\/p>\n<p>\u00d6\u011frenciler ders d\u0131\u015f\u0131 alandaki g\u00fc\u00e7l\u00fc y\u00f6nlerini tan\u0131mak i\u00e7in bir potansiyel analizine kat\u0131labilir.<\/p>\n<p>Ko\u00e7unuz uygun bir staj bulman\u0131za yard\u0131mc\u0131 olur, \u00f6rne\u011fin i\u015f ajans\u0131n\u0131n meslek dan\u0131\u015fmanl\u0131\u011f\u0131 i\u00e7in ba\u011flant\u0131lar kurar ve meslek \u00f6\u011frenimi, meslek okulu veya g\u00f6n\u00fcll\u00fc bir y\u0131l i\u00e7in yap\u0131lan ba\u015fvurularda yard\u0131mc\u0131 olur.<\/p>\n<p>Ayn\u0131 zamanda ebeveynler i\u00e7in de okuldan, i\u015f d\u00fcnyas\u0131na kadar \u00e7e\u015fitli yollar hakk\u0131nda ko\u00e7tan dan\u0131\u015fmanl\u0131k alma imk\u00e2n\u0131 vard\u0131r.[\/vc_column_text][\/vc_column][\/vc_row]<\/p>\n<\/div>","protected":false},"excerpt":{"rendered":"<p>[vc_row type=&#8221;grid&#8221; video_bg=&#8221;&#8221;][vc_column dp_animation=&#8221;&#8221;][vc_column_text dp_animation=&#8221;&#8221;]2007 y\u0131l\u0131ndan bu yana, HMS&#8217;de 8. s\u0131n\u0131ftan 10. s\u0131n\u0131ftaki mezuniyete kadar &#8220;esnek s\u0131n\u0131flar&#8221;daki &#8220;HK PLuS&#8221; kapsam\u0131nda bir meslek oryantasyonu ko\u00e7u \u00e7al\u0131\u015fmaktad\u0131r. <p><a class=\"readon\" href=\"https:\/\/www.hms-luebeck.de\/tr\/firsatlar\/kariyer-yoenlendirmesi\/\"><span>Mehr lesen<\/span><\/a><\/p><\/p>\n","protected":false},"author":10,"featured_media":0,"parent":9578,"menu_order":0,"comment_status":"closed","ping_status":"closed","template":"template.threequarterwidth.php","meta":{"footnotes":""},"class_list":["post-9592","page","type-page","status-publish","hentry"],"_links":{"self":[{"href":"https:\/\/www.hms-luebeck.de\/tr\/wp-json\/wp\/v2\/pages\/9592","targetHints":{"allow":["GET"]}}],"collection":[{"href":"https:\/\/www.hms-luebeck.de\/tr\/wp-json\/wp\/v2\/pages"}],"about":[{"href":"https:\/\/www.hms-luebeck.de\/tr\/wp-json\/wp\/v2\/types\/page"}],"author":[{"embeddable":true,"href":"https:\/\/www.hms-luebeck.de\/tr\/wp-json\/wp\/v2\/users\/10"}],"replies":[{"embeddable":true,"href":"https:\/\/www.hms-luebeck.de\/tr\/wp-json\/wp\/v2\/comments?post=9592"}],"version-history":[{"count":2,"href":"https:\/\/www.hms-luebeck.de\/tr\/wp-json\/wp\/v2\/pages\/9592\/revisions"}],"predecessor-version":[{"id":9594,"href":"https:\/\/www.hms-luebeck.de\/tr\/wp-json\/wp\/v2\/pages\/9592\/revisions\/9594"}],"up":[{"embeddable":true,"href":"https:\/\/www.hms-luebeck.de\/tr\/wp-json\/wp\/v2\/pages\/9578"}],"wp:attachment":[{"href":"https:\/\/www.hms-luebeck.de\/tr\/wp-json\/wp\/v2\/media?parent=9592"}],"curies":[{"name":"wp","href":"https:\/\/api.w.org\/{rel}","templated":true}]}}

Kariyer yönlendirmesi

<div class="wpb-content-wrapper"><p>[vc_row type=&#8221;grid&#8221; video_bg=&#8221;&#8221;][vc_column dp_animation=&#8221;&#8221;]<div class="headline  "><h3><span>Kariyer yönlendirmesi</span></h3></div>[vc_column_text dp_animation=&#8221;&#8221;]2007 yılından bu yana, HMS&#8217;de 8. sınıftan 10. sınıftaki mezuniyete kadar &#8220;esnek sınıflar&#8221;daki &#8220;HK PLuS&#8221; kapsamında bir meslek oryantasyonu koçu çalışmaktadır.</p>
<p>&#8220;Eylem Konsepti Uygulaması, Yaşam Planlaması ve Okul&#8221; projesi, Schleswig-Holstein eyaletinin bir projesidir ve hemen hemen tüm Lübeck okullarında uygulanmaktadır.</p>
<p>Meslek oryantasyonu koçu; öğrencilerin güçlü yönlerini, ilgi alanlarını ve becerilerini tanıma, kişisel ve mesleki gelecek için hedefler belirleme ve bu adımları uygulama konusunda öğrencileri destekler.</p>
<p>Öğrenciler ders dışı alandaki güçlü yönlerini tanımak için bir potansiyel analizine katılabilir.</p>
<p>Koçunuz uygun bir staj bulmanıza yardımcı olur, örneğin iş ajansının meslek danışmanlığı için bağlantılar kurar ve meslek öğrenimi, meslek okulu veya gönüllü bir yıl için yapılan başvurularda yardımcı olur.</p>
<p>Aynı zamanda ebeveynler için de okuldan, iş dünyasına kadar çeşitli yollar hakkında koçtan danışmanlık alma imkânı vardır.[/vc_column_text][/vc_column][/vc_row]</p>
</div>

<p>[vc_row type=&#8221;grid&#8221; video_bg=&#8221;&#8221;][vc_column dp_animation=&#8221;&#8221;][vc_column_text dp_animation=&#8221;&#8221;]2007 yılından bu yana, HMS&#8217;de 8. sınıftan 10. sınıftaki mezuniyete kadar &#8220;esnek sınıflar&#8221;daki &#8220;HK PLuS&#8221; kapsamında bir meslek oryantasyonu koçu çalışmaktadır. <p><a class="readon" href="https://www.hms-luebeck.de/tr/firsatlar/kariyer-yoenlendirmesi/"><span>Mehr lesen</span></a></p></p>
