{"id":10611,"date":"2021-08-02T18:40:37","date_gmt":"2021-08-02T16:40:37","guid":{"rendered":"https:\/\/www.hms-luebeck.de\/?page_id=10611"},"modified":"2021-08-04T17:04:11","modified_gmt":"2021-08-04T15:04:11","slug":"okuma-yardimi","status":"publish","type":"page","link":"https:\/\/www.hms-luebeck.de\/tr\/destek\/okuma-yardimi\/","title":{"rendered":"Okuma yardimi"},"content":{"rendered":"<div class=\"wpb-content-wrapper\"><p>[vc_row type=&#8221;grid&#8221; video_bg=&#8221;&#8221;][vc_column dp_animation=&#8221;&#8221;]<div class=\"headline  \"><h3><span>Okuma deste\u011fi<\/span><\/h3><\/div>[vc_column_text dp_animation=&#8221;&#8221;]Okuma, bilgi edinmek i\u00e7in en \u00f6nemli temel yetkinliktir. Burada alanda eksiklikler varsa, bu ya\u015fam\u0131n hemen hemen t\u00fcm alanlar\u0131n\u0131 etkiler.<\/p>\n<p>Biz, iki t\u00fcr okuma deste\u011fi sunuyoruz:<\/p>\n<p>Bir yandan sabah dersleri s\u0131ras\u0131nda okulun kendi okuma deste\u011fi \u015feklinde. Bu ama\u00e7la, okuma deste\u011fine ihtiyac\u0131 olan \u00e7ocuklar, okumay\u0131 \u00f6\u011frenme s\u00fcrecinde destek \u00f6\u011fretmeni taraf\u0131ndan \u00f6zel olarak ayr\u0131 bir odada desteklenmektedir.<\/p>\n<p>&nbsp;<\/p>\n<p>&nbsp;<\/p>\n<p>\u00d6te yandan, Mentor L\u00fcbeck e.V. derne\u011finin se\u00e7ilmi\u015f \u00e7ocuklarla dersten sonra bireysel g\u00f6zetim alt\u0131nda \u00e7al\u0131\u015fan okuma dan\u0131\u015fmanlar\u0131 vard\u0131r.[\/vc_column_text][\/vc_column][\/vc_row]<\/p>\n<\/div>","protected":false},"excerpt":{"rendered":"<p>[vc_row type=&#8221;grid&#8221; video_bg=&#8221;&#8221;][vc_column dp_animation=&#8221;&#8221;][vc_column_text dp_animation=&#8221;&#8221;]Okuma, bilgi edinmek i\u00e7in en \u00f6nemli temel yetkinliktir. Burada alanda eksiklikler varsa, bu ya\u015fam\u0131n hemen hemen t\u00fcm alanlar\u0131n\u0131 etkiler. Biz, iki <p><a class=\"readon\" href=\"https:\/\/www.hms-luebeck.de\/tr\/destek\/okuma-yardimi\/\"><span>Mehr lesen<\/span><\/a><\/p><\/p>\n","protected":false},"author":10,"featured_media":0,"parent":9636,"menu_order":0,"comment_status":"closed","ping_status":"closed","template":"template.threequarterwidth.php","meta":{"footnotes":""},"class_list":["post-10611","page","type-page","status-publish","hentry"],"_links":{"self":[{"href":"https:\/\/www.hms-luebeck.de\/tr\/wp-json\/wp\/v2\/pages\/10611","targetHints":{"allow":["GET"]}}],"collection":[{"href":"https:\/\/www.hms-luebeck.de\/tr\/wp-json\/wp\/v2\/pages"}],"about":[{"href":"https:\/\/www.hms-luebeck.de\/tr\/wp-json\/wp\/v2\/types\/page"}],"author":[{"embeddable":true,"href":"https:\/\/www.hms-luebeck.de\/tr\/wp-json\/wp\/v2\/users\/10"}],"replies":[{"embeddable":true,"href":"https:\/\/www.hms-luebeck.de\/tr\/wp-json\/wp\/v2\/comments?post=10611"}],"version-history":[{"count":3,"href":"https:\/\/www.hms-luebeck.de\/tr\/wp-json\/wp\/v2\/pages\/10611\/revisions"}],"predecessor-version":[{"id":11036,"href":"https:\/\/www.hms-luebeck.de\/tr\/wp-json\/wp\/v2\/pages\/10611\/revisions\/11036"}],"up":[{"embeddable":true,"href":"https:\/\/www.hms-luebeck.de\/tr\/wp-json\/wp\/v2\/pages\/9636"}],"wp:attachment":[{"href":"https:\/\/www.hms-luebeck.de\/tr\/wp-json\/wp\/v2\/media?parent=10611"}],"curies":[{"name":"wp","href":"https:\/\/api.w.org\/{rel}","templated":true}]}}

<div class="wpb-content-wrapper"><p>[vc_row type=&#8221;grid&#8221; video_bg=&#8221;&#8221;][vc_column dp_animation=&#8221;&#8221;]<div class="headline  "><h3><span>Okuma desteği</span></h3></div>[vc_column_text dp_animation=&#8221;&#8221;]Okuma, bilgi edinmek için en önemli temel yetkinliktir. Burada alanda eksiklikler varsa, bu yaşamın hemen hemen tüm alanlarını etkiler.</p>
<p>Biz, iki tür okuma desteği sunuyoruz:</p>
<p>Bir yandan sabah dersleri sırasında okulun kendi okuma desteği şeklinde. Bu amaçla, okuma desteğine ihtiyacı olan çocuklar, okumayı öğrenme sürecinde destek öğretmeni tarafından özel olarak ayrı bir odada desteklenmektedir.</p>
<p>&nbsp;</p>
<p>&nbsp;</p>
<p>Öte yandan, Mentor Lübeck e.V. derneğinin seçilmiş çocuklarla dersten sonra bireysel gözetim altında çalışan okuma danışmanları vardır.[/vc_column_text][/vc_column][/vc_row]</p>
</div>

<p>[vc_row type=&#8221;grid&#8221; video_bg=&#8221;&#8221;][vc_column dp_animation=&#8221;&#8221;][vc_column_text dp_animation=&#8221;&#8221;]Okuma, bilgi edinmek için en önemli temel yetkinliktir. Burada alanda eksiklikler varsa, bu yaşamın hemen hemen tüm alanlarını etkiler. Biz, iki <p><a class="readon" href="https://www.hms-luebeck.de/tr/destek/okuma-yardimi/"><span>Mehr lesen</span></a></p></p>
