{"id":10465,"date":"2021-08-02T18:38:00","date_gmt":"2021-08-02T16:38:00","guid":{"rendered":"https:\/\/www.hms-luebeck.de\/?page_id=10465"},"modified":"2021-08-03T14:23:20","modified_gmt":"2021-08-03T12:23:20","slug":"unsere-grundsaetze","status":"publish","type":"page","link":"https:\/\/www.hms-luebeck.de\/tr\/okul\/unsere-grundsaetze\/","title":{"rendered":"\u0130lkelerimiz"},"content":{"rendered":"<div class=\"wpb-content-wrapper\"><p>[vc_row type=&#8221;grid&#8221; video_bg=&#8221;&#8221;][vc_column dp_animation=&#8221;&#8221;]<div class=\"headline  \"><h3><span>&#8220;Biz renkliyiz!&#8221; Slogan\u0131m\u0131z bu.<\/span><\/h3><\/div>[vc_column_text dp_animation=&#8221;&#8221;]K\u0131sa ve \u00f6z olarak bu, bizim&#8230;<\/p>\n<ul>\n<li>bir ilkokul ve karma e\u011fitim okulundan olu\u015fan ve b\u00f6ylece 1 ila 10. s\u0131n\u0131flar\u0131 kapsayan bir okul toplulu\u011fu oldu\u011fumuz anlam\u0131na gelir.<\/li>\n<li>ilkokulda yakla\u015f\u0131k 160 \u00f6\u011frenci ve karma e\u011fitim okulunda yakla\u015f\u0131k 340 \u00f6\u011frenci ile rahat ve y\u00f6netilebilir bir boyuta sahip bir okul toplulu\u011fu oldu\u011fumuz anlam\u0131na gelir.<\/li>\n<li>\u00f6\u011frencileri farkl\u0131 \u00fclkelerden gelen bir okul toplulu\u011fu oldu\u011fumuz anlam\u0131na.<\/li>\n<li>bunu renkli bir se\u00e7enekler buketi olarak g\u00f6ren ve bundan yararlanan bir okul toplulu\u011fu oldu\u011fumuz anlam\u0131na gelir.<\/li>\n<li>yabanc\u0131 \u00f6\u011frencilerimize \u00e7ok yak\u0131n olmam\u0131z\u0131 ve ebeveynler de dahil olmak \u00fczere, ileti\u015fim engellerini azaltmam\u0131z\u0131 sa\u011flayan par\u00e7alar halinde uluslararas\u0131 bir \u00f6\u011fretmenler heyetine sahip bir okul toplulu\u011fu oldu\u011fumuz anlam\u0131na gelir.<\/li>\n<li>\u00f6\u011frencilerle, ebeveynlerle ve birbirimizle e\u015fit seviyede olan bir okul toplulu\u011fu oldu\u011fumuz anlam\u0131na gelir.<\/li>\n<\/ul>\n<p>[\/vc_column_text][\/vc_column][\/vc_row]<\/p>\n<\/div>","protected":false},"excerpt":{"rendered":"<p>[vc_row type=&#8221;grid&#8221; video_bg=&#8221;&#8221;][vc_column dp_animation=&#8221;&#8221;][vc_column_text dp_animation=&#8221;&#8221;]K\u0131sa ve \u00f6z olarak bu, bizim&#8230; bir ilkokul ve karma e\u011fitim okulundan olu\u015fan ve b\u00f6ylece 1 ila 10. s\u0131n\u0131flar\u0131 kapsayan bir <p><a class=\"readon\" href=\"https:\/\/www.hms-luebeck.de\/tr\/okul\/unsere-grundsaetze\/\"><span>Mehr lesen<\/span><\/a><\/p><\/p>\n","protected":false},"author":10,"featured_media":10853,"parent":9646,"menu_order":0,"comment_status":"closed","ping_status":"closed","template":"template.threequarterwidth.php","meta":{"footnotes":""},"class_list":["post-10465","page","type-page","status-publish","has-post-thumbnail","hentry"],"_links":{"self":[{"href":"https:\/\/www.hms-luebeck.de\/tr\/wp-json\/wp\/v2\/pages\/10465","targetHints":{"allow":["GET"]}}],"collection":[{"href":"https:\/\/www.hms-luebeck.de\/tr\/wp-json\/wp\/v2\/pages"}],"about":[{"href":"https:\/\/www.hms-luebeck.de\/tr\/wp-json\/wp\/v2\/types\/page"}],"author":[{"embeddable":true,"href":"https:\/\/www.hms-luebeck.de\/tr\/wp-json\/wp\/v2\/users\/10"}],"replies":[{"embeddable":true,"href":"https:\/\/www.hms-luebeck.de\/tr\/wp-json\/wp\/v2\/comments?post=10465"}],"version-history":[{"count":3,"href":"https:\/\/www.hms-luebeck.de\/tr\/wp-json\/wp\/v2\/pages\/10465\/revisions"}],"predecessor-version":[{"id":10859,"href":"https:\/\/www.hms-luebeck.de\/tr\/wp-json\/wp\/v2\/pages\/10465\/revisions\/10859"}],"up":[{"embeddable":true,"href":"https:\/\/www.hms-luebeck.de\/tr\/wp-json\/wp\/v2\/pages\/9646"}],"wp:featuredmedia":[{"embeddable":true,"href":"https:\/\/www.hms-luebeck.de\/tr\/wp-json\/wp\/v2\/media\/10853"}],"wp:attachment":[{"href":"https:\/\/www.hms-luebeck.de\/tr\/wp-json\/wp\/v2\/media?parent=10465"}],"curies":[{"name":"wp","href":"https:\/\/api.w.org\/{rel}","templated":true}]}}

İlkelerimiz

<div class="wpb-content-wrapper"><p>[vc_row type=&#8221;grid&#8221; video_bg=&#8221;&#8221;][vc_column dp_animation=&#8221;&#8221;]<div class="headline  "><h3><span>&#8220;Biz renkliyiz!&#8221; Sloganımız bu.</span></h3></div>[vc_column_text dp_animation=&#8221;&#8221;]Kısa ve öz olarak bu, bizim&#8230;</p>
<ul>
<li>bir ilkokul ve karma eğitim okulundan oluşan ve böylece 1 ila 10. sınıfları kapsayan bir okul topluluğu olduğumuz anlamına gelir.</li>
<li>ilkokulda yaklaşık 160 öğrenci ve karma eğitim okulunda yaklaşık 340 öğrenci ile rahat ve yönetilebilir bir boyuta sahip bir okul topluluğu olduğumuz anlamına gelir.</li>
<li>öğrencileri farklı ülkelerden gelen bir okul topluluğu olduğumuz anlamına.</li>
<li>bunu renkli bir seçenekler buketi olarak gören ve bundan yararlanan bir okul topluluğu olduğumuz anlamına gelir.</li>
<li>yabancı öğrencilerimize çok yakın olmamızı ve ebeveynler de dahil olmak üzere, iletişim engellerini azaltmamızı sağlayan parçalar halinde uluslararası bir öğretmenler heyetine sahip bir okul topluluğu olduğumuz anlamına gelir.</li>
<li>öğrencilerle, ebeveynlerle ve birbirimizle eşit seviyede olan bir okul topluluğu olduğumuz anlamına gelir.</li>
</ul>
<p>[/vc_column_text][/vc_column][/vc_row]</p>
</div>

<p>[vc_row type=&#8221;grid&#8221; video_bg=&#8221;&#8221;][vc_column dp_animation=&#8221;&#8221;][vc_column_text dp_animation=&#8221;&#8221;]Kısa ve öz olarak bu, bizim&#8230; bir ilkokul ve karma eğitim okulundan oluşan ve böylece 1 ila 10. sınıfları kapsayan bir <p><a class="readon" href="https://www.hms-luebeck.de/tr/okul/unsere-grundsaetze/"><span>Mehr lesen</span></a></p></p>
