{"id":10156,"date":"2021-08-02T15:13:39","date_gmt":"2021-08-02T13:13:39","guid":{"rendered":"https:\/\/www.hms-luebeck.de\/?page_id=10156"},"modified":"2021-08-04T16:48:01","modified_gmt":"2021-08-04T14:48:01","slug":"saglik-goerevlisi","status":"publish","type":"page","link":"https:\/\/www.hms-luebeck.de\/tr\/firsatlar\/saglik-goerevlisi\/","title":{"rendered":"Sa\u011flik g\u00f6revlisi"},"content":{"rendered":"<div class=\"wpb-content-wrapper\"><p>[vc_row type=&#8221;grid&#8221; video_bg=&#8221;&#8221;][vc_column dp_animation=&#8221;&#8221;]<div class=\"headline  \"><h3><span>Okul sa\u011fl\u0131k hizmeti<\/span><\/h3><\/div>[\/vc_column][\/vc_row][vc_row type=&#8221;grid&#8221; video_bg=&#8221;&#8221;][vc_column dp_animation=&#8221;&#8221;][vc_column_text dp_animation=&#8221;&#8221;]Okul sa\u011fl\u0131k hizmeti (SSD), yaralanan \u00f6\u011frencilerin ilk bak\u0131m\u0131n\u0131 \u00fcstlenir.<\/p>\n<p>O g\u00fcn g\u00f6revli olan s\u0131hhiyeciler, yanlar\u0131nda telsiz ta\u015f\u0131rlar. Sekreterlik, bu telsizler arac\u0131l\u0131\u011f\u0131yla s\u0131hhiyecileri uyarabilir ve olay yerine \u00e7a\u011f\u0131rabilir.<\/p>\n<p>Daha sonra ilk m\u00fcdahale orada ger\u00e7ekle\u015ftirilir. Ayr\u0131ca, bir ambulans \u00e7a\u011f\u0131r\u0131lmas\u0131 gerekip gerekmedi\u011fine de karar verilir.<\/p>\n<p>S\u0131hhiyeci olmak isteyen t\u00fcm \u00f6\u011frenciler, bir ilkyard\u0131m kursu al\u0131rlar.<\/p>\n<p>Bu kurslar Alman K\u0131z\u0131lha\u00e7 kurumu taraf\u0131ndan finanse edilir ve ger\u00e7ekle\u015ftirilir. Bu g\u00f6rev i\u00e7in ba\u015fvuru, ancak 8. s\u0131n\u0131ftan itibaren m\u00fcmk\u00fcnd\u00fcr.[\/vc_column_text][\/vc_column][\/vc_row]<\/p>\n<\/div>","protected":false},"excerpt":{"rendered":"<p>[vc_row type=&#8221;grid&#8221; video_bg=&#8221;&#8221;][vc_column dp_animation=&#8221;&#8221;][\/vc_column][\/vc_row][vc_row type=&#8221;grid&#8221; video_bg=&#8221;&#8221;][vc_column dp_animation=&#8221;&#8221;][vc_column_text dp_animation=&#8221;&#8221;]Okul sa\u011fl\u0131k hizmeti (SSD), yaralanan \u00f6\u011frencilerin ilk bak\u0131m\u0131n\u0131 \u00fcstlenir. O g\u00fcn g\u00f6revli olan s\u0131hhiyeciler, yanlar\u0131nda telsiz ta\u015f\u0131rlar. Sekreterlik, <p><a class=\"readon\" href=\"https:\/\/www.hms-luebeck.de\/tr\/firsatlar\/saglik-goerevlisi\/\"><span>Mehr lesen<\/span><\/a><\/p><\/p>\n","protected":false},"author":10,"featured_media":0,"parent":9578,"menu_order":0,"comment_status":"closed","ping_status":"closed","template":"template.threequarterwidth.php","meta":{"footnotes":""},"class_list":["post-10156","page","type-page","status-publish","hentry"],"_links":{"self":[{"href":"https:\/\/www.hms-luebeck.de\/tr\/wp-json\/wp\/v2\/pages\/10156","targetHints":{"allow":["GET"]}}],"collection":[{"href":"https:\/\/www.hms-luebeck.de\/tr\/wp-json\/wp\/v2\/pages"}],"about":[{"href":"https:\/\/www.hms-luebeck.de\/tr\/wp-json\/wp\/v2\/types\/page"}],"author":[{"embeddable":true,"href":"https:\/\/www.hms-luebeck.de\/tr\/wp-json\/wp\/v2\/users\/10"}],"replies":[{"embeddable":true,"href":"https:\/\/www.hms-luebeck.de\/tr\/wp-json\/wp\/v2\/comments?post=10156"}],"version-history":[{"count":3,"href":"https:\/\/www.hms-luebeck.de\/tr\/wp-json\/wp\/v2\/pages\/10156\/revisions"}],"predecessor-version":[{"id":11021,"href":"https:\/\/www.hms-luebeck.de\/tr\/wp-json\/wp\/v2\/pages\/10156\/revisions\/11021"}],"up":[{"embeddable":true,"href":"https:\/\/www.hms-luebeck.de\/tr\/wp-json\/wp\/v2\/pages\/9578"}],"wp:attachment":[{"href":"https:\/\/www.hms-luebeck.de\/tr\/wp-json\/wp\/v2\/media?parent=10156"}],"curies":[{"name":"wp","href":"https:\/\/api.w.org\/{rel}","templated":true}]}}

Sağlik görevlisi

<div class="wpb-content-wrapper"><p>[vc_row type=&#8221;grid&#8221; video_bg=&#8221;&#8221;][vc_column dp_animation=&#8221;&#8221;]<div class="headline  "><h3><span>Okul sağlık hizmeti</span></h3></div>[/vc_column][/vc_row][vc_row type=&#8221;grid&#8221; video_bg=&#8221;&#8221;][vc_column dp_animation=&#8221;&#8221;][vc_column_text dp_animation=&#8221;&#8221;]Okul sağlık hizmeti (SSD), yaralanan öğrencilerin ilk bakımını üstlenir.</p>
<p>O gün görevli olan sıhhiyeciler, yanlarında telsiz taşırlar. Sekreterlik, bu telsizler aracılığıyla sıhhiyecileri uyarabilir ve olay yerine çağırabilir.</p>
<p>Daha sonra ilk müdahale orada gerçekleştirilir. Ayrıca, bir ambulans çağırılması gerekip gerekmediğine de karar verilir.</p>
<p>Sıhhiyeci olmak isteyen tüm öğrenciler, bir ilkyardım kursu alırlar.</p>
<p>Bu kurslar Alman Kızılhaç kurumu tarafından finanse edilir ve gerçekleştirilir. Bu görev için başvuru, ancak 8. sınıftan itibaren mümkündür.[/vc_column_text][/vc_column][/vc_row]</p>
</div>

<p>[vc_row type=&#8221;grid&#8221; video_bg=&#8221;&#8221;][vc_column dp_animation=&#8221;&#8221;][/vc_column][/vc_row][vc_row type=&#8221;grid&#8221; video_bg=&#8221;&#8221;][vc_column dp_animation=&#8221;&#8221;][vc_column_text dp_animation=&#8221;&#8221;]Okul sağlık hizmeti (SSD), yaralanan öğrencilerin ilk bakımını üstlenir. O gün görevli olan sıhhiyeciler, yanlarında telsiz taşırlar. Sekreterlik, <p><a class="readon" href="https://www.hms-luebeck.de/tr/firsatlar/saglik-goerevlisi/"><span>Mehr lesen</span></a></p></p>
