{"id":9620,"date":"2021-06-30T16:40:18","date_gmt":"2021-06-30T14:40:18","guid":{"rendered":"https:\/\/www.hms-luebeck.de\/?page_id=9620"},"modified":"2021-08-04T15:18:04","modified_gmt":"2021-08-04T13:18:04","slug":"koncepcja","status":"publish","type":"page","link":"https:\/\/www.hms-luebeck.de\/pl\/szkola-podstawowa\/koncepcja\/","title":{"rendered":"Koncepcja"},"content":{"rendered":"<div class=\"wpb-content-wrapper\"><p>[vc_row type=&#8221;grid&#8221; video_bg=&#8221;&#8221;][vc_column dp_animation=&#8221;&#8221;]<div class=\"headline  \"><h3><span>Koncepcja<\/span><\/h3><\/div>[vc_column_text dp_animation=&#8221;&#8221;]Nasza szko\u0142a podstawowa podzielona jest na cztery roczniki klasowe. Umo\u017cliwia to skuteczne<\/p>\n<p>prowadzenie klas i wspieranie dzieci dok\u0142adnie w tych obszarach, w kt\u00f3rych jest to konieczne.<\/p>\n<p>Nasza szko\u0142a podstawowa kieruje si\u0119 planem metodycznym, uzdalniaj\u0105cym dzieci w ci\u0105gu czterech lat szko\u0142y podstawowej do samodzielnego uczenia si\u0119 i przygotowuj\u0105cym jak najlepiej do szk\u00f3\u0142 ponadpodstawowych.<\/p>\n<p>Obejmuje to wprowadzenie do pracy samodzielnej, grupowej lub pracy przy projektach, nauczenie si\u0119 prezentowania i omawiania wynik\u00f3w.[\/vc_column_text]<div style=\"height:60px; width:100%;clear:both\"><\/div>[\/vc_column][\/vc_row][vc_row type=&#8221;grid&#8221; video_bg=&#8221;&#8221;][vc_column dp_animation=&#8221;&#8221;][vc_column_text dp_animation=&#8221;&#8221;]Oto nasz plan metodyczny w skr\u00f3cie:[\/vc_column_text]<div style=\"height:30px; width:100%;clear:both\"><\/div>[vc_row_inner][vc_column_inner width=&#8221;1\/4&#8243;][vc_column_text dp_animation=&#8221;&#8221;]<\/p>\n<p style=\"text-align: center;\"><strong>1. klasa<\/strong><br \/>\npraca wed\u0142ug planu, samodzielno\u015b\u0107, struktura<\/p>\n<p>[\/vc_column_text][\/vc_column_inner][vc_column_inner width=&#8221;1\/4&#8243;][vc_column_text dp_animation=&#8221;&#8221;]<\/p>\n<p style=\"text-align: center;\"><strong>2. klasa<\/strong><br \/>\nkartoteki z \u0107wiczeniami\/has\u0142a do zapami\u0119tania,<br \/>\npraca wed\u0142ug planu z zadaniami obowi\u0105zkowymi i fakultatywnymi, fakultatywne oferty nauki<\/p>\n<p>[\/vc_column_text][\/vc_column_inner][vc_column_inner width=&#8221;1\/4&#8243;][vc_column_text dp_animation=&#8221;&#8221;]<\/p>\n<p style=\"text-align: center;\"><strong>3. klasa<\/strong><br \/>\nplakaty,<br \/>\nsamokontrola, warsztat, eksperymenty<\/p>\n<p>[\/vc_column_text][\/vc_column_inner][vc_column_inner width=&#8221;1\/4&#8243;][vc_column_text dp_animation=&#8221;&#8221;]<\/p>\n<p style=\"text-align: center;\"><strong>4. klasa<\/strong><br \/>\ninformacja zwrotna, ocena,<br \/>\nsamoocena, referaty<\/p>\n<p>[\/vc_column_text][\/vc_column_inner][\/vc_row_inner][vc_column_text dp_animation=&#8221;&#8221;]Gdyby konieczne by\u0142o wsparcie,<\/p>\n<p>przydzielono nam centrum wsparcia w szkole Astrid-Lindgren-Schule. Znajduje si\u0119 ono tu\u017c obok terenu naszej szko\u0142y. Specjali\u015bci od nauczania integracyjnego s\u0105 wi\u0119c bezpo\u015brednio na miejscu.[\/vc_column_text][\/vc_column][\/vc_row]<\/p>\n<\/div>","protected":false},"excerpt":{"rendered":"<p>[vc_row type=&#8221;grid&#8221; video_bg=&#8221;&#8221;][vc_column dp_animation=&#8221;&#8221;][vc_column_text dp_animation=&#8221;&#8221;]Nasza szko\u0142a podstawowa podzielona jest na cztery roczniki klasowe. Umo\u017cliwia to skuteczne prowadzenie klas i wspieranie dzieci dok\u0142adnie w tych obszarach, <p><a class=\"readon\" href=\"https:\/\/www.hms-luebeck.de\/pl\/szkola-podstawowa\/koncepcja\/\"><span>Mehr lesen<\/span><\/a><\/p><\/p>\n","protected":false},"author":10,"featured_media":9623,"parent":9602,"menu_order":0,"comment_status":"closed","ping_status":"closed","template":"template.threequarterwidth.php","meta":{"footnotes":""},"class_list":["post-9620","page","type-page","status-publish","has-post-thumbnail","hentry"],"_links":{"self":[{"href":"https:\/\/www.hms-luebeck.de\/pl\/wp-json\/wp\/v2\/pages\/9620","targetHints":{"allow":["GET"]}}],"collection":[{"href":"https:\/\/www.hms-luebeck.de\/pl\/wp-json\/wp\/v2\/pages"}],"about":[{"href":"https:\/\/www.hms-luebeck.de\/pl\/wp-json\/wp\/v2\/types\/page"}],"author":[{"embeddable":true,"href":"https:\/\/www.hms-luebeck.de\/pl\/wp-json\/wp\/v2\/users\/10"}],"replies":[{"embeddable":true,"href":"https:\/\/www.hms-luebeck.de\/pl\/wp-json\/wp\/v2\/comments?post=9620"}],"version-history":[{"count":3,"href":"https:\/\/www.hms-luebeck.de\/pl\/wp-json\/wp\/v2\/pages\/9620\/revisions"}],"predecessor-version":[{"id":9624,"href":"https:\/\/www.hms-luebeck.de\/pl\/wp-json\/wp\/v2\/pages\/9620\/revisions\/9624"}],"up":[{"embeddable":true,"href":"https:\/\/www.hms-luebeck.de\/pl\/wp-json\/wp\/v2\/pages\/9602"}],"wp:featuredmedia":[{"embeddable":true,"href":"https:\/\/www.hms-luebeck.de\/pl\/wp-json\/wp\/v2\/media\/9623"}],"wp:attachment":[{"href":"https:\/\/www.hms-luebeck.de\/pl\/wp-json\/wp\/v2\/media?parent=9620"}],"curies":[{"name":"wp","href":"https:\/\/api.w.org\/{rel}","templated":true}]}}

<div class="wpb-content-wrapper"><p>[vc_row type=&#8221;grid&#8221; video_bg=&#8221;&#8221;][vc_column dp_animation=&#8221;&#8221;]<div class="headline  "><h3><span>Koncepcja</span></h3></div>[vc_column_text dp_animation=&#8221;&#8221;]Nasza szkoła podstawowa podzielona jest na cztery roczniki klasowe. Umożliwia to skuteczne</p>
<p>prowadzenie klas i wspieranie dzieci dokładnie w tych obszarach, w których jest to konieczne.</p>
<p>Nasza szkoła podstawowa kieruje się planem metodycznym, uzdalniającym dzieci w ciągu czterech lat szkoły podstawowej do samodzielnego uczenia się i przygotowującym jak najlepiej do szkół ponadpodstawowych.</p>
<p>Obejmuje to wprowadzenie do pracy samodzielnej, grupowej lub pracy przy projektach, nauczenie się prezentowania i omawiania wyników.[/vc_column_text]<div style="height:60px; width:100%;clear:both"></div>[/vc_column][/vc_row][vc_row type=&#8221;grid&#8221; video_bg=&#8221;&#8221;][vc_column dp_animation=&#8221;&#8221;][vc_column_text dp_animation=&#8221;&#8221;]Oto nasz plan metodyczny w skrócie:[/vc_column_text]<div style="height:30px; width:100%;clear:both"></div>[vc_row_inner][vc_column_inner width=&#8221;1/4&#8243;][vc_column_text dp_animation=&#8221;&#8221;]</p>
<p style="text-align: center;"><strong>1. klasa</strong><br />
praca według planu, samodzielność, struktura</p>
<p>[/vc_column_text][/vc_column_inner][vc_column_inner width=&#8221;1/4&#8243;][vc_column_text dp_animation=&#8221;&#8221;]</p>
<p style="text-align: center;"><strong>2. klasa</strong><br />
kartoteki z ćwiczeniami/hasła do zapamiętania,<br />
praca według planu z zadaniami obowiązkowymi i fakultatywnymi, fakultatywne oferty nauki</p>
<p>[/vc_column_text][/vc_column_inner][vc_column_inner width=&#8221;1/4&#8243;][vc_column_text dp_animation=&#8221;&#8221;]</p>
<p style="text-align: center;"><strong>3. klasa</strong><br />
plakaty,<br />
samokontrola, warsztat, eksperymenty</p>
<p>[/vc_column_text][/vc_column_inner][vc_column_inner width=&#8221;1/4&#8243;][vc_column_text dp_animation=&#8221;&#8221;]</p>
<p style="text-align: center;"><strong>4. klasa</strong><br />
informacja zwrotna, ocena,<br />
samoocena, referaty</p>
<p>[/vc_column_text][/vc_column_inner][/vc_row_inner][vc_column_text dp_animation=&#8221;&#8221;]Gdyby konieczne było wsparcie,</p>
<p>przydzielono nam centrum wsparcia w szkole Astrid-Lindgren-Schule. Znajduje się ono tuż obok terenu naszej szkoły. Specjaliści od nauczania integracyjnego są więc bezpośrednio na miejscu.[/vc_column_text][/vc_column][/vc_row]</p>
</div>

<p>[vc_row type=&#8221;grid&#8221; video_bg=&#8221;&#8221;][vc_column dp_animation=&#8221;&#8221;][vc_column_text dp_animation=&#8221;&#8221;]Nasza szkoła podstawowa podzielona jest na cztery roczniki klasowe. Umożliwia to skuteczne prowadzenie klas i wspieranie dzieci dokładnie w tych obszarach, <p><a class="readon" href="https://www.hms-luebeck.de/pl/szkola-podstawowa/koncepcja/"><span>Mehr lesen</span></a></p></p>
