{"id":9574,"date":"2021-02-19T12:39:53","date_gmt":"2021-02-19T11:39:53","guid":{"rendered":"https:\/\/www.hms-luebeck.de\/coaching-fu%cc%88r-berufsorientierung-bql\/"},"modified":"2021-08-04T16:51:40","modified_gmt":"2021-08-04T14:51:40","slug":"wejscie-do-kariery","status":"publish","type":"page","link":"https:\/\/www.hms-luebeck.de\/pl\/oferty\/wejscie-do-kariery\/","title":{"rendered":"Wej\u015bcie do kariery"},"content":{"rendered":"<div class=\"wpb-content-wrapper\"><p>[vc_row type=&#8221;grid&#8221; video_bg=&#8221;&#8221;][vc_column dp_animation=&#8221;&#8221;]<div class=\"headline  \"><h3><span>Wej\u015bcie do kariery<\/span><\/h3><\/div>[vc_column_text dp_animation=&#8221;&#8221;]Od 2007 roku w HMS pracuje doradca ds. orientacji zawodowej, w ramach projektu \u201eHK PLuS\u201c (Handlungskonzept Praxis, Lebensplanung und Schule; po polsku: Koncepcja dzia\u0142a\u0144: praktyka, plany \u017cyciowe i szko\u0142a), obejmuj\u0105cego klas\u0119 8., 9. i ko\u0144cow\u0105 10.<\/p>\n<p>Projekt ten zosta\u0142 zainicjowany przez kraj zwi\u0105zkowy Szlezwik-Holsztyn i jest realizowany w prawie wszystkich szko\u0142ach Lubeki.<\/p>\n<p>Doradca ds. orientacji zawodowej wspiera uczni\u00f3w w odkrywaniu ich mocnych stron, zainteresowa\u0144 i umiej\u0119tno\u015bci, w wytyczaniu sobie cel\u00f3w w \u017cyciu osobistym i zawodowym oraz w stopniowym urzeczywistnianiu ich.<\/p>\n<p>Uczniowie mog\u0105 wzi\u0105\u0107 udzia\u0142 w analizie potencja\u0142u, aby pozna\u0107 swoje mocne strony w obszarze pozaszkolnym.<\/p>\n<p>Doradca wspiera ich podczas poszukiwania odpowiednich praktyk, nawi\u0105zuje kontakty, np. z konsultantami w urz\u0119dzie pracy i pomaga w zredagowaniu \u017cyciorys\u00f3w do dalszych instytucji edukacyjnych, szko\u0142y zawodowej lub rocznego wolontariatu.<\/p>\n<p>Tak\u017ce rodzice mog\u0105 spyta\u0107 si\u0119 doradcy o r\u00f3\u017cne \u015bcie\u017cki prowadz\u0105ce ich dziecko ze szko\u0142y w \u017cycie zawodowe.[\/vc_column_text][\/vc_column][\/vc_row]<\/p>\n<\/div>","protected":false},"excerpt":{"rendered":"<p>[vc_row type=&#8221;grid&#8221; video_bg=&#8221;&#8221;][vc_column dp_animation=&#8221;&#8221;][vc_column_text dp_animation=&#8221;&#8221;]Od 2007 roku w HMS pracuje doradca ds. orientacji zawodowej, w ramach projektu \u201eHK PLuS\u201c (Handlungskonzept Praxis, Lebensplanung und Schule; po <p><a class=\"readon\" href=\"https:\/\/www.hms-luebeck.de\/pl\/oferty\/wejscie-do-kariery\/\"><span>Mehr lesen<\/span><\/a><\/p><\/p>\n","protected":false},"author":10,"featured_media":0,"parent":9582,"menu_order":0,"comment_status":"closed","ping_status":"closed","template":"template.threequarterwidth.php","meta":{"footnotes":""},"class_list":["post-9574","page","type-page","status-publish","hentry"],"_links":{"self":[{"href":"https:\/\/www.hms-luebeck.de\/pl\/wp-json\/wp\/v2\/pages\/9574","targetHints":{"allow":["GET"]}}],"collection":[{"href":"https:\/\/www.hms-luebeck.de\/pl\/wp-json\/wp\/v2\/pages"}],"about":[{"href":"https:\/\/www.hms-luebeck.de\/pl\/wp-json\/wp\/v2\/types\/page"}],"author":[{"embeddable":true,"href":"https:\/\/www.hms-luebeck.de\/pl\/wp-json\/wp\/v2\/users\/10"}],"replies":[{"embeddable":true,"href":"https:\/\/www.hms-luebeck.de\/pl\/wp-json\/wp\/v2\/comments?post=9574"}],"version-history":[{"count":1,"href":"https:\/\/www.hms-luebeck.de\/pl\/wp-json\/wp\/v2\/pages\/9574\/revisions"}],"predecessor-version":[{"id":9575,"href":"https:\/\/www.hms-luebeck.de\/pl\/wp-json\/wp\/v2\/pages\/9574\/revisions\/9575"}],"up":[{"embeddable":true,"href":"https:\/\/www.hms-luebeck.de\/pl\/wp-json\/wp\/v2\/pages\/9582"}],"wp:attachment":[{"href":"https:\/\/www.hms-luebeck.de\/pl\/wp-json\/wp\/v2\/media?parent=9574"}],"curies":[{"name":"wp","href":"https:\/\/api.w.org\/{rel}","templated":true}]}}

Wejście do kariery

<div class="wpb-content-wrapper"><p>[vc_row type=&#8221;grid&#8221; video_bg=&#8221;&#8221;][vc_column dp_animation=&#8221;&#8221;]<div class="headline  "><h3><span>Wejście do kariery</span></h3></div>[vc_column_text dp_animation=&#8221;&#8221;]Od 2007 roku w HMS pracuje doradca ds. orientacji zawodowej, w ramach projektu „HK PLuS“ (Handlungskonzept Praxis, Lebensplanung und Schule; po polsku: Koncepcja działań: praktyka, plany życiowe i szkoła), obejmującego klasę 8., 9. i końcową 10.</p>
<p>Projekt ten został zainicjowany przez kraj związkowy Szlezwik-Holsztyn i jest realizowany w prawie wszystkich szkołach Lubeki.</p>
<p>Doradca ds. orientacji zawodowej wspiera uczniów w odkrywaniu ich mocnych stron, zainteresowań i umiejętności, w wytyczaniu sobie celów w życiu osobistym i zawodowym oraz w stopniowym urzeczywistnianiu ich.</p>
<p>Uczniowie mogą wziąć udział w analizie potencjału, aby poznać swoje mocne strony w obszarze pozaszkolnym.</p>
<p>Doradca wspiera ich podczas poszukiwania odpowiednich praktyk, nawiązuje kontakty, np. z konsultantami w urzędzie pracy i pomaga w zredagowaniu życiorysów do dalszych instytucji edukacyjnych, szkoły zawodowej lub rocznego wolontariatu.</p>
<p>Także rodzice mogą spytać się doradcy o różne ścieżki prowadzące ich dziecko ze szkoły w życie zawodowe.[/vc_column_text][/vc_column][/vc_row]</p>
</div>
