{"id":10319,"date":"2021-08-02T16:27:50","date_gmt":"2021-08-02T14:27:50","guid":{"rendered":"https:\/\/www.hms-luebeck.de\/?page_id=10319"},"modified":"2021-08-04T15:32:34","modified_gmt":"2021-08-04T13:32:34","slug":"przedszkole-w-szkole","status":"publish","type":"page","link":"https:\/\/www.hms-luebeck.de\/pl\/szkola-podstawowa\/przedszkole-w-szkole\/","title":{"rendered":"Przedszkole w szkole"},"content":{"rendered":"<div class=\"wpb-content-wrapper\"><p>[vc_row type=&#8221;grid&#8221; video_bg=&#8221;&#8221;][vc_column dp_animation=&#8221;&#8221;]<div class=\"headline  \"><h3><span>Zer\u00f3wkowicze<\/span><\/h3><\/div>[vc_column_text dp_animation=&#8221;&#8221;]Nasza szko\u0142a podstawowa wsp\u00f3\u0142pracuje z dwoma pobliskimi przedszkolami (KiTa- Br\u00fcder-Grimm i KiTa Moislinger Berg), aby m\u00f3c wsp\u00f3lnie organizowa\u0107 ostatni rok przedszkolny zer\u00f3wkowicz\u00f3w.<\/p>\n<p>Ci zer\u00f3wkowicze przychodz\u0105 do naszej szko\u0142y raz w tygodniu i mog\u0105 na d\u0142ugo przed przej\u015bciem do pierwszej klasy si\u0119 z ni\u0105 zapozna\u0107.<\/p>\n<p>&nbsp;<\/p>\n<p>Pomaga to opr\u00f3cz tego w procedurze wst\u0105pienia do pierwszej klasy. Zesp\u00f3\u0142 nauczycielski zajmuj\u0105cy si\u0119 pierwszakami zna ju\u017c wiele dzieci i ich rodzic\u00f3w. Konsultacje z przedszkolami s\u0105 bezpo\u015brednie i nieskomplikowane. Mamy jednak tak\u017ce dobry kontakt z innymi przedszkolami w Moisling, poniewa\u017c nasz zesp\u00f3\u0142 nauczycielski zajmuj\u0105cy si\u0119 pierwszakami pracuje w tej cz\u0119\u015bci Lubeki od wielu lat. Dzi\u0119ki temu jeste\u015bmy zawsze optymalnie przygotowani na przyj\u0119cie przysz\u0142ej pierwszej klasy.[\/vc_column_text][\/vc_column][\/vc_row]<\/p>\n<\/div>","protected":false},"excerpt":{"rendered":"<p>[vc_row type=&#8221;grid&#8221; video_bg=&#8221;&#8221;][vc_column dp_animation=&#8221;&#8221;][vc_column_text dp_animation=&#8221;&#8221;]Nasza szko\u0142a podstawowa wsp\u00f3\u0142pracuje z dwoma pobliskimi przedszkolami (KiTa- Br\u00fcder-Grimm i KiTa Moislinger Berg), aby m\u00f3c wsp\u00f3lnie organizowa\u0107 ostatni rok przedszkolny <p><a class=\"readon\" href=\"https:\/\/www.hms-luebeck.de\/pl\/szkola-podstawowa\/przedszkole-w-szkole\/\"><span>Mehr lesen<\/span><\/a><\/p><\/p>\n","protected":false},"author":10,"featured_media":9623,"parent":9602,"menu_order":0,"comment_status":"closed","ping_status":"closed","template":"template.threequarterwidth.php","meta":{"footnotes":""},"class_list":["post-10319","page","type-page","status-publish","has-post-thumbnail","hentry"],"_links":{"self":[{"href":"https:\/\/www.hms-luebeck.de\/pl\/wp-json\/wp\/v2\/pages\/10319","targetHints":{"allow":["GET"]}}],"collection":[{"href":"https:\/\/www.hms-luebeck.de\/pl\/wp-json\/wp\/v2\/pages"}],"about":[{"href":"https:\/\/www.hms-luebeck.de\/pl\/wp-json\/wp\/v2\/types\/page"}],"author":[{"embeddable":true,"href":"https:\/\/www.hms-luebeck.de\/pl\/wp-json\/wp\/v2\/users\/10"}],"replies":[{"embeddable":true,"href":"https:\/\/www.hms-luebeck.de\/pl\/wp-json\/wp\/v2\/comments?post=10319"}],"version-history":[{"count":3,"href":"https:\/\/www.hms-luebeck.de\/pl\/wp-json\/wp\/v2\/pages\/10319\/revisions"}],"predecessor-version":[{"id":10951,"href":"https:\/\/www.hms-luebeck.de\/pl\/wp-json\/wp\/v2\/pages\/10319\/revisions\/10951"}],"up":[{"embeddable":true,"href":"https:\/\/www.hms-luebeck.de\/pl\/wp-json\/wp\/v2\/pages\/9602"}],"wp:featuredmedia":[{"embeddable":true,"href":"https:\/\/www.hms-luebeck.de\/pl\/wp-json\/wp\/v2\/media\/9623"}],"wp:attachment":[{"href":"https:\/\/www.hms-luebeck.de\/pl\/wp-json\/wp\/v2\/media?parent=10319"}],"curies":[{"name":"wp","href":"https:\/\/api.w.org\/{rel}","templated":true}]}}

<div class="wpb-content-wrapper"><p>[vc_row type=&#8221;grid&#8221; video_bg=&#8221;&#8221;][vc_column dp_animation=&#8221;&#8221;]<div class="headline  "><h3><span>Zerówkowicze</span></h3></div>[vc_column_text dp_animation=&#8221;&#8221;]Nasza szkoła podstawowa współpracuje z dwoma pobliskimi przedszkolami (KiTa- Brüder-Grimm i KiTa Moislinger Berg), aby móc wspólnie organizować ostatni rok przedszkolny zerówkowiczów.</p>
<p>Ci zerówkowicze przychodzą do naszej szkoły raz w tygodniu i mogą na długo przed przejściem do pierwszej klasy się z nią zapoznać.</p>
<p>&nbsp;</p>
<p>Pomaga to oprócz tego w procedurze wstąpienia do pierwszej klasy. Zespół nauczycielski zajmujący się pierwszakami zna już wiele dzieci i ich rodziców. Konsultacje z przedszkolami są bezpośrednie i nieskomplikowane. Mamy jednak także dobry kontakt z innymi przedszkolami w Moisling, ponieważ nasz zespół nauczycielski zajmujący się pierwszakami pracuje w tej części Lubeki od wielu lat. Dzięki temu jesteśmy zawsze optymalnie przygotowani na przyjęcie przyszłej pierwszej klasy.[/vc_column_text][/vc_column][/vc_row]</p>
</div>

<p>[vc_row type=&#8221;grid&#8221; video_bg=&#8221;&#8221;][vc_column dp_animation=&#8221;&#8221;][vc_column_text dp_animation=&#8221;&#8221;]Nasza szkoła podstawowa współpracuje z dwoma pobliskimi przedszkolami (KiTa- Brüder-Grimm i KiTa Moislinger Berg), aby móc wspólnie organizować ostatni rok przedszkolny <p><a class="readon" href="https://www.hms-luebeck.de/pl/szkola-podstawowa/przedszkole-w-szkole/"><span>Mehr lesen</span></a></p></p>
