{"id":10150,"date":"2021-08-02T15:12:58","date_gmt":"2021-08-02T13:12:58","guid":{"rendered":"https:\/\/www.hms-luebeck.de\/?page_id=10150"},"modified":"2021-08-04T16:49:29","modified_gmt":"2021-08-04T14:49:29","slug":"sanitariusz","status":"publish","type":"page","link":"https:\/\/www.hms-luebeck.de\/pl\/oferty\/sanitariusz\/","title":{"rendered":"sanitariusz"},"content":{"rendered":"<div class=\"wpb-content-wrapper\"><p>[vc_row type=&#8221;grid&#8221; video_bg=&#8221;&#8221;][vc_column dp_animation=&#8221;&#8221;]<div class=\"headline  \"><h3><span>Uczniowska s\u0142u\u017cba sanitarna<\/span><\/h3><\/div>[\/vc_column][\/vc_row][vc_row type=&#8221;grid&#8221; video_bg=&#8221;&#8221;][vc_column dp_animation=&#8221;&#8221;][vc_column_text dp_animation=&#8221;&#8221;]Uczniowska s\u0142u\u017cba sanitarna zajmuje si\u0119 udzielaniem pierwszej pomocy rannym uczniom.<\/p>\n<p>Sanitariusze, kt\u00f3rzy pe\u0142ni\u0105 danego dnia s\u0142u\u017cb\u0119, nosz\u0105 przy sobie kr\u00f3tkofal\u00f3wki. Dzi\u0119ki tym<\/p>\n<p>kr\u00f3tkofal\u00f3wkom sekretariat mo\u017ce zaalarmowa\u0107 sanitariuszy i wezwa\u0107 ich na miejsce wypadku. Tam udzielana jest pierwsza pomoc. Opr\u00f3cz tego podejmowana jest decyzja, czy wezwa\u0107 karetk\u0119 pogotowia ratunkowego.<\/p>\n<p>&nbsp;<\/p>\n<p>Wszyscy uczniowie, chc\u0105cy zosta\u0107 sanitariuszami przechodz\u0105 kurs pierwszej pomocy. Jest on finansowany i przeprowadzany przez Niemiecki Czerwony Krzy\u017c. Do uczniowskiej s\u0142u\u017cby sanitarnej przyjmowani s\u0105 uczniowie od 8. klasy wzwy\u017c.[\/vc_column_text][\/vc_column][\/vc_row]<\/p>\n<\/div>","protected":false},"excerpt":{"rendered":"<p>[vc_row type=&#8221;grid&#8221; video_bg=&#8221;&#8221;][vc_column dp_animation=&#8221;&#8221;][\/vc_column][\/vc_row][vc_row type=&#8221;grid&#8221; video_bg=&#8221;&#8221;][vc_column dp_animation=&#8221;&#8221;][vc_column_text dp_animation=&#8221;&#8221;]Uczniowska s\u0142u\u017cba sanitarna zajmuje si\u0119 udzielaniem pierwszej pomocy rannym uczniom. Sanitariusze, kt\u00f3rzy pe\u0142ni\u0105 danego dnia s\u0142u\u017cb\u0119, nosz\u0105 przy <p><a class=\"readon\" href=\"https:\/\/www.hms-luebeck.de\/pl\/oferty\/sanitariusz\/\"><span>Mehr lesen<\/span><\/a><\/p><\/p>\n","protected":false},"author":10,"featured_media":0,"parent":9582,"menu_order":0,"comment_status":"closed","ping_status":"closed","template":"template.threequarterwidth.php","meta":{"footnotes":""},"class_list":["post-10150","page","type-page","status-publish","hentry"],"_links":{"self":[{"href":"https:\/\/www.hms-luebeck.de\/pl\/wp-json\/wp\/v2\/pages\/10150","targetHints":{"allow":["GET"]}}],"collection":[{"href":"https:\/\/www.hms-luebeck.de\/pl\/wp-json\/wp\/v2\/pages"}],"about":[{"href":"https:\/\/www.hms-luebeck.de\/pl\/wp-json\/wp\/v2\/types\/page"}],"author":[{"embeddable":true,"href":"https:\/\/www.hms-luebeck.de\/pl\/wp-json\/wp\/v2\/users\/10"}],"replies":[{"embeddable":true,"href":"https:\/\/www.hms-luebeck.de\/pl\/wp-json\/wp\/v2\/comments?post=10150"}],"version-history":[{"count":3,"href":"https:\/\/www.hms-luebeck.de\/pl\/wp-json\/wp\/v2\/pages\/10150\/revisions"}],"predecessor-version":[{"id":11023,"href":"https:\/\/www.hms-luebeck.de\/pl\/wp-json\/wp\/v2\/pages\/10150\/revisions\/11023"}],"up":[{"embeddable":true,"href":"https:\/\/www.hms-luebeck.de\/pl\/wp-json\/wp\/v2\/pages\/9582"}],"wp:attachment":[{"href":"https:\/\/www.hms-luebeck.de\/pl\/wp-json\/wp\/v2\/media?parent=10150"}],"curies":[{"name":"wp","href":"https:\/\/api.w.org\/{rel}","templated":true}]}}

<div class="wpb-content-wrapper"><p>[vc_row type=&#8221;grid&#8221; video_bg=&#8221;&#8221;][vc_column dp_animation=&#8221;&#8221;]<div class="headline  "><h3><span>Uczniowska służba sanitarna</span></h3></div>[/vc_column][/vc_row][vc_row type=&#8221;grid&#8221; video_bg=&#8221;&#8221;][vc_column dp_animation=&#8221;&#8221;][vc_column_text dp_animation=&#8221;&#8221;]Uczniowska służba sanitarna zajmuje się udzielaniem pierwszej pomocy rannym uczniom.</p>
<p>Sanitariusze, którzy pełnią danego dnia służbę, noszą przy sobie krótkofalówki. Dzięki tym</p>
<p>krótkofalówkom sekretariat może zaalarmować sanitariuszy i wezwać ich na miejsce wypadku. Tam udzielana jest pierwsza pomoc. Oprócz tego podejmowana jest decyzja, czy wezwać karetkę pogotowia ratunkowego.</p>
<p>&nbsp;</p>
<p>Wszyscy uczniowie, chcący zostać sanitariuszami przechodzą kurs pierwszej pomocy. Jest on finansowany i przeprowadzany przez Niemiecki Czerwony Krzyż. Do uczniowskiej służby sanitarnej przyjmowani są uczniowie od 8. klasy wzwyż.[/vc_column_text][/vc_column][/vc_row]</p>
</div>

<p>[vc_row type=&#8221;grid&#8221; video_bg=&#8221;&#8221;][vc_column dp_animation=&#8221;&#8221;][/vc_column][/vc_row][vc_row type=&#8221;grid&#8221; video_bg=&#8221;&#8221;][vc_column dp_animation=&#8221;&#8221;][vc_column_text dp_animation=&#8221;&#8221;]Uczniowska służba sanitarna zajmuje się udzielaniem pierwszej pomocy rannym uczniom. Sanitariusze, którzy pełnią danego dnia służbę, noszą przy <p><a class="readon" href="https://www.hms-luebeck.de/pl/oferty/sanitariusz/"><span>Mehr lesen</span></a></p></p>
