{"id":10122,"date":"2021-08-02T14:00:28","date_gmt":"2021-08-02T12:00:28","guid":{"rendered":"https:\/\/www.hms-luebeck.de\/?page_id=10122"},"modified":"2021-08-04T16:35:50","modified_gmt":"2021-08-04T14:35:50","slug":"stolowka","status":"publish","type":"page","link":"https:\/\/www.hms-luebeck.de\/pl\/oferty\/stolowka\/","title":{"rendered":"Sto\u0142\u00f3wka"},"content":{"rendered":"<div class=\"wpb-content-wrapper\"><p>[vc_row type=&#8221;grid&#8221; video_bg=&#8221;&#8221;][vc_column dp_animation=&#8221;&#8221;]<div class=\"headline  \"><h3><span>Essen in der Mensa<\/span><\/h3><\/div>[vc_column_text dp_animation=&#8221;&#8221;]An der Heinrich-Mann-Schule in L\u00fcbeck-Moisling bietet der Verbund sozialtherapeutischer Einrichtungen L\u00fcbeck e.V. in den hellen R\u00e4umlichkeiten der Mensa ein leckeres Mittagessen zum g\u00fcnstigen Preis an. Ein Nachtisch ist auch dabei.<br \/>\nHaben eure Eltern keine Zeit zum Kochen?<br \/>\nM\u00f6chtet ihr ein Freizeitangebot\u00a0im Offenen Ganztag besuchen, aber nach dem\u00a0Unterricht\u00a0knurrt euer Magen?<br \/>\nHabt ihr keine Lust, zu Hause allein zu essen?<br \/>\nDann kommt in die Mensa!<br \/>\nIhr k\u00f6nnt jeden Tag oder auch an einzelnen Tagen bei uns essen.<\/p>\n<p>&nbsp;<\/p>\n<p style=\"text-align: right;\"><strong><em>\u201eEssen und Trinken h\u00e4lt Leib und Seele zusammen.\u201c<\/em><\/strong><br \/>\n<strong><em>-Sokrates-<\/em><\/strong><\/p>\n<p>[\/vc_column_text][vc_separator css=&#8221;.vc_custom_1519637421894{padding-top: 20px !important;padding-bottom: 20px !important;}&#8221;]<div class=\"headline  \"><h3><span>Mensa \u2013 Leitfaden und Speiseplan<\/span><\/h3><\/div>[vc_column_text dp_animation=&#8221;&#8221;]<a href=\"https:\/\/www.hms-luebeck.de\/wp-content\/uploads\/2019\/06\/Essensplan-2019-KW33.docx\">\u00a0<\/a><\/p>\n<p><a href=\"https:\/\/www.hms-luebeck.de\/wp-content\/uploads\/2021\/05\/Speiseplan-2122-KW.docx\">Speiseplan 10. Mai bis 21. Mai<\/a><\/p>\n<p><a href=\"https:\/\/www.hms-luebeck.de\/wp-content\/uploads\/2020\/09\/LEITFADEN-F\u00dcR-DEN-MITTAGSTISCH-AN-DER-H-M-S_20190401.docx\">Leitfaden f\u00fcr den Mittagstisch an der H-M-S<\/a><\/p>\n<p><a href=\"https:\/\/www.hms-luebeck.de\/wp-content\/uploads\/2019\/02\/LEITFADEN-F\u00dcR-DEN-MITTAGSTISCH-AN-DER-H-M-S.docx\">Deklarationspflichtige Zusatzstoffe in Lebensmitteln<\/a>[\/vc_column_text][\/vc_column][\/vc_row]<\/p>\n<\/div>","protected":false},"excerpt":{"rendered":"<p>[vc_row type=&#8221;grid&#8221; video_bg=&#8221;&#8221;][vc_column dp_animation=&#8221;&#8221;][vc_column_text dp_animation=&#8221;&#8221;]An der Heinrich-Mann-Schule in L\u00fcbeck-Moisling bietet der Verbund sozialtherapeutischer Einrichtungen L\u00fcbeck e.V. in den hellen R\u00e4umlichkeiten der Mensa ein leckeres Mittagessen <p><a class=\"readon\" href=\"https:\/\/www.hms-luebeck.de\/pl\/oferty\/stolowka\/\"><span>Mehr lesen<\/span><\/a><\/p><\/p>\n","protected":false},"author":10,"featured_media":0,"parent":9582,"menu_order":0,"comment_status":"closed","ping_status":"closed","template":"template.threequarterwidth.php","meta":{"footnotes":""},"class_list":["post-10122","page","type-page","status-publish","hentry"],"_links":{"self":[{"href":"https:\/\/www.hms-luebeck.de\/pl\/wp-json\/wp\/v2\/pages\/10122","targetHints":{"allow":["GET"]}}],"collection":[{"href":"https:\/\/www.hms-luebeck.de\/pl\/wp-json\/wp\/v2\/pages"}],"about":[{"href":"https:\/\/www.hms-luebeck.de\/pl\/wp-json\/wp\/v2\/types\/page"}],"author":[{"embeddable":true,"href":"https:\/\/www.hms-luebeck.de\/pl\/wp-json\/wp\/v2\/users\/10"}],"replies":[{"embeddable":true,"href":"https:\/\/www.hms-luebeck.de\/pl\/wp-json\/wp\/v2\/comments?post=10122"}],"version-history":[{"count":4,"href":"https:\/\/www.hms-luebeck.de\/pl\/wp-json\/wp\/v2\/pages\/10122\/revisions"}],"predecessor-version":[{"id":11010,"href":"https:\/\/www.hms-luebeck.de\/pl\/wp-json\/wp\/v2\/pages\/10122\/revisions\/11010"}],"up":[{"embeddable":true,"href":"https:\/\/www.hms-luebeck.de\/pl\/wp-json\/wp\/v2\/pages\/9582"}],"wp:attachment":[{"href":"https:\/\/www.hms-luebeck.de\/pl\/wp-json\/wp\/v2\/media?parent=10122"}],"curies":[{"name":"wp","href":"https:\/\/api.w.org\/{rel}","templated":true}]}}

Stołówka

<div class="wpb-content-wrapper"><p>[vc_row type=&#8221;grid&#8221; video_bg=&#8221;&#8221;][vc_column dp_animation=&#8221;&#8221;]<div class="headline  "><h3><span>Essen in der Mensa</span></h3></div>[vc_column_text dp_animation=&#8221;&#8221;]An der Heinrich-Mann-Schule in Lübeck-Moisling bietet der Verbund sozialtherapeutischer Einrichtungen Lübeck e.V. in den hellen Räumlichkeiten der Mensa ein leckeres Mittagessen zum günstigen Preis an. Ein Nachtisch ist auch dabei.<br />
Haben eure Eltern keine Zeit zum Kochen?<br />
Möchtet ihr ein Freizeitangebot im Offenen Ganztag besuchen, aber nach dem Unterricht knurrt euer Magen?<br />
Habt ihr keine Lust, zu Hause allein zu essen?<br />
Dann kommt in die Mensa!<br />
Ihr könnt jeden Tag oder auch an einzelnen Tagen bei uns essen.</p>
<p>&nbsp;</p>
<p style="text-align: right;"><strong><em>„Essen und Trinken hält Leib und Seele zusammen.“</em></strong><br />
<strong><em>-Sokrates-</em></strong></p>
<p>[/vc_column_text][vc_separator css=&#8221;.vc_custom_1519637421894{padding-top: 20px !important;padding-bottom: 20px !important;}&#8221;]<div class="headline  "><h3><span>Mensa – Leitfaden und Speiseplan</span></h3></div>[vc_column_text dp_animation=&#8221;&#8221;]<a href="https://www.hms-luebeck.de/wp-content/uploads/2019/06/Essensplan-2019-KW33.docx"> </a></p>
<p><a href="https://www.hms-luebeck.de/wp-content/uploads/2021/05/Speiseplan-2122-KW.docx">Speiseplan 10. Mai bis 21. Mai</a></p>
<p><a href="https://www.hms-luebeck.de/wp-content/uploads/2020/09/LEITFADEN-FÜR-DEN-MITTAGSTISCH-AN-DER-H-M-S_20190401.docx">Leitfaden für den Mittagstisch an der H-M-S</a></p>
<p><a href="https://www.hms-luebeck.de/wp-content/uploads/2019/02/LEITFADEN-FÜR-DEN-MITTAGSTISCH-AN-DER-H-M-S.docx">Deklarationspflichtige Zusatzstoffe in Lebensmitteln</a>[/vc_column_text][/vc_column][/vc_row]</p>
</div>

<p>[vc_row type=&#8221;grid&#8221; video_bg=&#8221;&#8221;][vc_column dp_animation=&#8221;&#8221;][vc_column_text dp_animation=&#8221;&#8221;]An der Heinrich-Mann-Schule in Lübeck-Moisling bietet der Verbund sozialtherapeutischer Einrichtungen Lübeck e.V. in den hellen Räumlichkeiten der Mensa ein leckeres Mittagessen <p><a class="readon" href="https://www.hms-luebeck.de/pl/oferty/stolowka/"><span>Mehr lesen</span></a></p></p>
