{"id":10341,"date":"2021-08-02T16:30:39","date_gmt":"2021-08-02T14:30:39","guid":{"rendered":"https:\/\/www.hms-luebeck.de\/?page_id=10341"},"modified":"2021-08-02T16:30:39","modified_gmt":"2021-08-02T14:30:39","slug":"home","status":"publish","type":"page","link":"https:\/\/www.hms-luebeck.de\/en\/","title":{"rendered":"Home"},"content":{"rendered":"<div class=\"wpb-content-wrapper\"><p>[vc_row type=&#8221;full_width&#8221; video_bg=&#8221;&#8221;][vc_column dp_animation=&#8221;&#8221;][rev_slider_vc alias=&#8221;home&#8221;][\/vc_column][\/vc_row][vc_row type=&#8221;grid&#8221; video_bg=&#8221;&#8221;][vc_column dp_animation=&#8221;&#8221;]<div style=\"height:50px; width:100%;clear:both\"><\/div><div class=\"headline  headline_huge\"><h3><span style=\"color:#717171\">MIT EINEM KLICK ZUM GESUCHTEN INHALT<\/span><\/h3><\/div><div style=\"height:40px; width:100%;clear:both\"><\/div><a class=\"round_icon\" href=\"\/schule\/\" title=\"Schule\">\n\t\t\t<img decoding=\"async\" src=\"https:\/\/www.hms-luebeck.de\/wp-content\/uploads\/2021\/02\/icon_schule.png\" alt=\"Schule\" title=\"Schule\"\/>\n\t\t<\/a><a class=\"round_icon\" href=\"\/aktuelles\/\" title=\"Aktuelles\">\n\t\t\t<img decoding=\"async\" src=\"https:\/\/www.hms-luebeck.de\/wp-content\/uploads\/2021\/02\/icon_aktuelles.png\" alt=\"Aktuelles\" title=\"Aktuelles\"\/>\n\t\t<\/a><a class=\"round_icon\" href=\"\/grundschule\/\" title=\"Grundschule\">\n\t\t\t<img decoding=\"async\" src=\"https:\/\/www.hms-luebeck.de\/wp-content\/uploads\/2021\/02\/icon_grundschule.png\" alt=\"Grundschule\" title=\"Grundschule\"\/>\n\t\t<\/a><a class=\"round_icon\" href=\"\/gemeinschaftsschule\/\" title=\"Gemeinschaftsschule\">\n\t\t\t<img decoding=\"async\" src=\"https:\/\/www.hms-luebeck.de\/wp-content\/uploads\/2021\/02\/icon_gemeinschaftsschule.png\" alt=\"Gemeinschaftsschule\" title=\"Gemeinschaftsschule\"\/>\n\t\t<\/a><a class=\"round_icon\" href=\"\/daz-zentrum\/\" title=\"DaZ-Zentrum\">\n\t\t\t<img decoding=\"async\" src=\"https:\/\/www.hms-luebeck.de\/wp-content\/uploads\/2021\/02\/icon_daz.png\" alt=\"DaZ-Zentrum\" title=\"DaZ-Zentrum\"\/>\n\t\t<\/a><a class=\"round_icon\" href=\"\/angebote\/\" title=\"Angebote\">\n\t\t\t<img decoding=\"async\" src=\"https:\/\/www.hms-luebeck.de\/wp-content\/uploads\/2021\/02\/icon_angebote.png\" alt=\"Angebote\" title=\"Angebote\"\/>\n\t\t<\/a><a class=\"round_icon\" href=\"\/unterstuetzung\/\" title=\"Unterst\u00fctzung\">\n\t\t\t<img decoding=\"async\" src=\"https:\/\/www.hms-luebeck.de\/wp-content\/uploads\/2021\/02\/icon_unterstuetzung.png\" alt=\"Unterst\u00fctzung\" title=\"Unterst\u00fctzung\"\/>\n\t\t<\/a><a class=\"round_icon\" href=\"\/kontakt\/\" title=\"Kontakt\">\n\t\t\t<img decoding=\"async\" src=\"https:\/\/www.hms-luebeck.de\/wp-content\/uploads\/2021\/02\/icon_kontakt.png\" alt=\"Kontakt\" title=\"Kontakt\"\/>\n\t\t<\/a><div style=\"height:50px; width:100%;clear:both\"><\/div>[\/vc_column][\/vc_row][vc_row type=&#8221;grid&#8221; video_bg=&#8221;&#8221; css=&#8221;.vc_custom_1513330307323{background-color: #f6f6f8 !important;}&#8221;][vc_column width=&#8221;2\/3&#8243; dp_animation=&#8221;&#8221;]<div style=\"height:70px; width:100%;clear:both\"><\/div><div class=\"headline  \"><h3><span style=\"color:#5ea85b\">+++ NEWSTICKER +++ NEWSTICKER +++ NEWSTICKER +++ <\/span><\/h3><\/div>                <article class=\"blog-card\">\n                    \n                    <div class=\"blog-content\">\n                        <span class=\"blog-date\">February 13, 2025<\/span>\n                        <h3 class=\"blog-headline\">Wir kamen, sahen und siegten\u2026<\/h3>\n                        <p>&nbsp; Link zum Artikel von Pressestelle TH L\u00fcbeck<\/p>\n                        <a href=\"https:\/\/www.hms-luebeck.de\/en\/wir-kamen-sahen-und-siegten\/\"><\/a>\n                    <\/div>\n                <\/article>\n                                <article class=\"blog-card\">\n                    \n                    <div class=\"blog-content\">\n                        <span class=\"blog-date\">April 30, 2026<\/span>\n                        <h3 class=\"blog-headline\"><\/h3>\n                        <p>Plakat070526<\/p>\n                        <a href=\"https:\/\/www.hms-luebeck.de\/en\/16492-2\/\"><\/a>\n                    <\/div>\n                <\/article>\n                                <article class=\"blog-card\">\n                    \n                    <div class=\"blog-content\">\n                        <span class=\"blog-date\">March 24, 2026<\/span>\n                        <h3 class=\"blog-headline\">Elterninformation &#8211; Osterferien<\/h3>\n                                                <a href=\"https:\/\/www.hms-luebeck.de\/en\/elterninformation-2\/\"><\/a>\n                    <\/div>\n                <\/article>\n                                <article class=\"blog-card\">\n                    \n                    <div class=\"blog-content\">\n                        <span class=\"blog-date\">February 25, 2026<\/span>\n                        <h3 class=\"blog-headline\">Wie man ein (mehrsprachiges) Buch schreibt<\/h3>\n                        <p>Wir (sechs Kinder aus den vierten Klassen) haben mit Frau Schoeler und Frau Thamling eine Geschichte geschrieben. Sie hei\u00dft: das bunte Kastanienblatt. Es geht um <p><a class=\"readon\" href=\"https:\/\/www.hms-luebeck.de\/en\/wie-man-ein-mehrsprachiges-buch-schreibt\/\"><span>Mehr lesen<\/span><\/a><\/p><\/p>\n                        <a href=\"https:\/\/www.hms-luebeck.de\/en\/wie-man-ein-mehrsprachiges-buch-schreibt\/\"><\/a>\n                    <\/div>\n                <\/article>\n                                <article class=\"blog-card\">\n                    \n                    <div class=\"blog-content\">\n                        <span class=\"blog-date\">February 23, 2026<\/span>\n                        <h3 class=\"blog-headline\">Wichtige Info!<\/h3>\n                        <p>Liebe Eltern und Interessierte, &nbsp; wenn Sie Fragen zum Zeitungsartikel in den LN &#8220;L\u00fcbeck plant neues Gymnasium in Moisling&#8221; haben, wenden Sie sich bitte direkt <p><a class=\"readon\" href=\"https:\/\/www.hms-luebeck.de\/en\/wichtige-info\/\"><span>Mehr lesen<\/span><\/a><\/p><\/p>\n                        <a href=\"https:\/\/www.hms-luebeck.de\/en\/wichtige-info\/\"><\/a>\n                    <\/div>\n                <\/article>\n                [\/vc_column][vc_column width=&#8221;1\/3&#8243; dp_animation=&#8221;&#8221;][\/vc_column][\/vc_row][vc_row type=&#8221;grid&#8221; video_bg=&#8221;&#8221;][vc_column dp_animation=&#8221;&#8221;]<div style=\"height:40px; width:100%;clear:both\"><\/div><div class=\"headline  \"><h3><span>Das sind wir<\/span><\/h3><\/div>[vc_row_inner][vc_column_inner width=&#8221;2\/3&#8243;][vc_column_text dp_animation=&#8221;&#8221;]Die Heinrich-Mann-Schule L\u00fcbeck ist eine Grund- und Gemeinschaftsschule der Hansestadt L\u00fcbeck.<br \/>\nWir sind eine Offene Ganztagsschule.<\/p>\n<p>Unsere Schule liegt im L\u00fcbecker Stadtteil Moisling. Sie ist im Jahr 2008 durch einen aktiven Zusammenschluss der Grund-, Hauptschule und der Realschule, die hier nebeneinander gearbeitet haben, entstanden.<\/p>\n<p>Die Heinrich-Mann-Schule ist die gr\u00f6\u00dfte Schule im Stadtteil. Sie hat moderne Geb\u00e4ude und ein weitl\u00e4ufiges Innen- und Au\u00dfengel\u00e4nde \u2013 mitten im Gr\u00fcnen.<\/p>\n<p>Kinder und Jugendliche, die bei uns zur Schule gehen, wohnen meistens in der unmittelbaren Umgebung. Sie stammen aus unterschiedlichen Elternh\u00e4usern, sie kommen oft aus verschiedensten Kulturen. Alle bringen vielf\u00e4ltige Einstellungen und Sprachen mit. Das bereichert uns und ist gut so.<\/p>\n<p>Unsere Schule wird von 500 Sch\u00fclerinnen und Sch\u00fclern besucht. Sie f\u00fchrt von Klassenstufe 1 bis zur Klassenstufe 10. Sie ist \u00fcberwiegend zweiz\u00fcgig. Wir vergeben den Ersten Allgemeinbildenden Schulabschluss und den Mittleren Schulabschluss. Bei uns sind etwa 50 P\u00e4dagoginnen und P\u00e4dagogen t\u00e4tig. Unsere Schule ist pers\u00f6nlich und \u00fcberschaubar.[\/vc_column_text][\/vc_column_inner][vc_column_inner width=&#8221;1\/3&#8243;][vc_single_image image=&#8221;7483&#8243; img_size=&#8221;large&#8221; alignment=&#8221;center&#8221; dp_animation=&#8221;&#8221;][\/vc_column_inner][\/vc_row_inner]<div style=\"height:40px; width:100%;clear:both\"><\/div>[\/vc_column][\/vc_row][vc_row type=&#8221;full_width&#8221; parallax_bg=&#8221;true&#8221; video_bg=&#8221;&#8221; css=&#8221;.vc_custom_1612962222820{margin-top: -5px !important;margin-bottom: 0px !important;border-bottom-width: 0px !important;padding-top: 120px !important;padding-bottom: 140px !important;background-image: url(https:\/\/www.hms-luebeck.de\/wp-content\/uploads\/2017\/12\/2017_H-M-S_MG_7591.CR2-bearb-1.jpg?id=7481) !important;}&#8221; el_id=&#8221;homeparallax&#8221;][vc_column dp_animation=&#8221;&#8221;][vc_column_text dp_animation=&#8221;&#8221;]<\/p>\n<h3 style=\"text-align: center; color: #fff;\">Unsere Schule ist pers\u00f6nlich und \u00fcberschaubar.<\/h3>\n<p>[\/vc_column_text]<div style=\"height:20px; width:100%;clear:both\"><\/div>[vc_column_text dp_animation=&#8221;&#8221;]<\/p>\n<h1 style=\"text-align: center; color: #fff;\">Wir sind f\u00fcr unsere Sch\u00fclerinnen und Sch\u00fcler da!<\/h1>\n<p>[\/vc_column_text]<div style=\"height:30px; width:100%;clear:both\"><\/div><p class=\"center\"><a id=\"button-1729100262\" href=\"\/menschen\/schulleitung\/\" target=\"_self\" class=\"button_dp large line-white\" ><span> Schulleitungsteam<\/span><\/a><style scoped><\/style><\/p><div style=\"height:10px; width:100%;clear:both\"><\/div>[\/vc_column][\/vc_row]<\/p>\n<\/div>","protected":false},"excerpt":{"rendered":"<p>[vc_row type=&#8221;full_width&#8221; video_bg=&#8221;&#8221;][vc_column dp_animation=&#8221;&#8221;][rev_slider_vc alias=&#8221;home&#8221;][\/vc_column][\/vc_row][vc_row type=&#8221;grid&#8221; video_bg=&#8221;&#8221;][vc_column dp_animation=&#8221;&#8221;][\/vc_column][\/vc_row][vc_row type=&#8221;grid&#8221; video_bg=&#8221;&#8221; css=&#8221;.vc_custom_1513330307323{background-color: #f6f6f8 !important;}&#8221;][vc_column width=&#8221;2\/3&#8243; dp_animation=&#8221;&#8221;][\/vc_column][vc_column width=&#8221;1\/3&#8243; dp_animation=&#8221;&#8221;][\/vc_column][\/vc_row][vc_row type=&#8221;grid&#8221; video_bg=&#8221;&#8221;][vc_column dp_animation=&#8221;&#8221;][vc_row_inner][vc_column_inner width=&#8221;2\/3&#8243;][vc_column_text dp_animation=&#8221;&#8221;]Die Heinrich-Mann-Schule L\u00fcbeck ist <p><a class=\"readon\" href=\"https:\/\/www.hms-luebeck.de\/en\/wichtige-info\/\"><span>Mehr lesen<\/span><\/a><\/p><\/p>\n","protected":false},"author":10,"featured_media":0,"parent":0,"menu_order":0,"comment_status":"closed","ping_status":"closed","template":"template.fullwidth.vc.php","meta":{"footnotes":""},"class_list":["post-10341","page","type-page","status-publish","hentry"],"_links":{"self":[{"href":"https:\/\/www.hms-luebeck.de\/en\/wp-json\/wp\/v2\/pages\/10341","targetHints":{"allow":["GET"]}}],"collection":[{"href":"https:\/\/www.hms-luebeck.de\/en\/wp-json\/wp\/v2\/pages"}],"about":[{"href":"https:\/\/www.hms-luebeck.de\/en\/wp-json\/wp\/v2\/types\/page"}],"author":[{"embeddable":true,"href":"https:\/\/www.hms-luebeck.de\/en\/wp-json\/wp\/v2\/users\/10"}],"replies":[{"embeddable":true,"href":"https:\/\/www.hms-luebeck.de\/en\/wp-json\/wp\/v2\/comments?post=10341"}],"version-history":[{"count":3,"href":"https:\/\/www.hms-luebeck.de\/en\/wp-json\/wp\/v2\/pages\/10341\/revisions"}],"predecessor-version":[{"id":10344,"href":"https:\/\/www.hms-luebeck.de\/en\/wp-json\/wp\/v2\/pages\/10341\/revisions\/10344"}],"wp:attachment":[{"href":"https:\/\/www.hms-luebeck.de\/en\/wp-json\/wp\/v2\/media?parent=10341"}],"curies":[{"name":"wp","href":"https:\/\/api.w.org\/{rel}","templated":true}]}}

<div class="wpb-content-wrapper"><p>[vc_row type=&#8221;full_width&#8221; video_bg=&#8221;&#8221;][vc_column dp_animation=&#8221;&#8221;][rev_slider_vc alias=&#8221;home&#8221;][/vc_column][/vc_row][vc_row type=&#8221;grid&#8221; video_bg=&#8221;&#8221;][vc_column dp_animation=&#8221;&#8221;]<div style="height:50px; width:100%;clear:both"></div><div class="headline  headline_huge"><h3><span style="color:#717171">MIT EINEM KLICK ZUM GESUCHTEN INHALT</span></h3></div><div style="height:40px; width:100%;clear:both"></div><a class="round_icon" href="/schule/" title="Schule">
			<img decoding="async" src="https://www.hms-luebeck.de/wp-content/uploads/2021/02/icon_schule.png" alt="Schule" title="Schule"/>
		</a><a class="round_icon" href="/aktuelles/" title="Aktuelles">
			<img decoding="async" src="https://www.hms-luebeck.de/wp-content/uploads/2021/02/icon_aktuelles.png" alt="Aktuelles" title="Aktuelles"/>
		</a><a class="round_icon" href="/grundschule/" title="Grundschule">
			<img decoding="async" src="https://www.hms-luebeck.de/wp-content/uploads/2021/02/icon_grundschule.png" alt="Grundschule" title="Grundschule"/>
		</a><a class="round_icon" href="/gemeinschaftsschule/" title="Gemeinschaftsschule">
			<img decoding="async" src="https://www.hms-luebeck.de/wp-content/uploads/2021/02/icon_gemeinschaftsschule.png" alt="Gemeinschaftsschule" title="Gemeinschaftsschule"/>
		</a><a class="round_icon" href="/daz-zentrum/" title="DaZ-Zentrum">
			<img decoding="async" src="https://www.hms-luebeck.de/wp-content/uploads/2021/02/icon_daz.png" alt="DaZ-Zentrum" title="DaZ-Zentrum"/>
		</a><a class="round_icon" href="/angebote/" title="Angebote">
			<img decoding="async" src="https://www.hms-luebeck.de/wp-content/uploads/2021/02/icon_angebote.png" alt="Angebote" title="Angebote"/>
		</a><a class="round_icon" href="/unterstuetzung/" title="Unterstützung">
			<img decoding="async" src="https://www.hms-luebeck.de/wp-content/uploads/2021/02/icon_unterstuetzung.png" alt="Unterstützung" title="Unterstützung"/>
		</a><a class="round_icon" href="/kontakt/" title="Kontakt">
			<img decoding="async" src="https://www.hms-luebeck.de/wp-content/uploads/2021/02/icon_kontakt.png" alt="Kontakt" title="Kontakt"/>
		</a><div style="height:50px; width:100%;clear:both"></div>[/vc_column][/vc_row][vc_row type=&#8221;grid&#8221; video_bg=&#8221;&#8221; css=&#8221;.vc_custom_1513330307323{background-color: #f6f6f8 !important;}&#8221;][vc_column width=&#8221;2/3&#8243; dp_animation=&#8221;&#8221;]<div style="height:70px; width:100%;clear:both"></div><div class="headline  "><h3><span style="color:#5ea85b">+++ NEWSTICKER +++ NEWSTICKER +++ NEWSTICKER +++ </span></h3></div>                <article class="blog-card">
                    
                    <div class="blog-content">
                        <span class="blog-date">February 13, 2025</span>
                        <h3 class="blog-headline">Wir kamen, sahen und siegten…</h3>
                        <p>&nbsp; Link zum Artikel von Pressestelle TH Lübeck</p>
                        <a href="https://www.hms-luebeck.de/en/wir-kamen-sahen-und-siegten/"></a>
                    </div>
                </article>
                                <article class="blog-card">
                    
                    <div class="blog-content">
                        <span class="blog-date">April 30, 2026</span>
                        <h3 class="blog-headline"></h3>
                        <p>Plakat070526</p>
                        <a href="https://www.hms-luebeck.de/en/16492-2/"></a>
                    </div>
                </article>
                                <article class="blog-card">
                    
                    <div class="blog-content">
                        <span class="blog-date">March 24, 2026</span>
                        <h3 class="blog-headline">Elterninformation &#8211; Osterferien</h3>
                                                <a href="https://www.hms-luebeck.de/en/elterninformation-2/"></a>
                    </div>
                </article>
                                <article class="blog-card">
                    
                    <div class="blog-content">
                        <span class="blog-date">February 25, 2026</span>
                        <h3 class="blog-headline">Wie man ein (mehrsprachiges) Buch schreibt</h3>
                        <p>Wir (sechs Kinder aus den vierten Klassen) haben mit Frau Schoeler und Frau Thamling eine Geschichte geschrieben. Sie heißt: das bunte Kastanienblatt. Es geht um <p><a class="readon" href="https://www.hms-luebeck.de/en/wie-man-ein-mehrsprachiges-buch-schreibt/"><span>Mehr lesen</span></a></p></p>
                        <a href="https://www.hms-luebeck.de/en/wie-man-ein-mehrsprachiges-buch-schreibt/"></a>
                    </div>
                </article>
                                <article class="blog-card">
                    
                    <div class="blog-content">
                        <span class="blog-date">February 23, 2026</span>
                        <h3 class="blog-headline">Wichtige Info!</h3>
                        <p>Liebe Eltern und Interessierte, &nbsp; wenn Sie Fragen zum Zeitungsartikel in den LN &#8220;Lübeck plant neues Gymnasium in Moisling&#8221; haben, wenden Sie sich bitte direkt <p><a class="readon" href="https://www.hms-luebeck.de/en/wichtige-info/"><span>Mehr lesen</span></a></p></p>
                        <a href="https://www.hms-luebeck.de/en/wichtige-info/"></a>
                    </div>
                </article>
                [/vc_column][vc_column width=&#8221;1/3&#8243; dp_animation=&#8221;&#8221;][/vc_column][/vc_row][vc_row type=&#8221;grid&#8221; video_bg=&#8221;&#8221;][vc_column dp_animation=&#8221;&#8221;]<div style="height:40px; width:100%;clear:both"></div><div class="headline  "><h3><span>Das sind wir</span></h3></div>[vc_row_inner][vc_column_inner width=&#8221;2/3&#8243;][vc_column_text dp_animation=&#8221;&#8221;]Die Heinrich-Mann-Schule Lübeck ist eine Grund- und Gemeinschaftsschule der Hansestadt Lübeck.<br />
Wir sind eine Offene Ganztagsschule.</p>
<p>Unsere Schule liegt im Lübecker Stadtteil Moisling. Sie ist im Jahr 2008 durch einen aktiven Zusammenschluss der Grund-, Hauptschule und der Realschule, die hier nebeneinander gearbeitet haben, entstanden.</p>
<p>Die Heinrich-Mann-Schule ist die größte Schule im Stadtteil. Sie hat moderne Gebäude und ein weitläufiges Innen- und Außengelände – mitten im Grünen.</p>
<p>Kinder und Jugendliche, die bei uns zur Schule gehen, wohnen meistens in der unmittelbaren Umgebung. Sie stammen aus unterschiedlichen Elternhäusern, sie kommen oft aus verschiedensten Kulturen. Alle bringen vielfältige Einstellungen und Sprachen mit. Das bereichert uns und ist gut so.</p>
<p>Unsere Schule wird von 500 Schülerinnen und Schülern besucht. Sie führt von Klassenstufe 1 bis zur Klassenstufe 10. Sie ist überwiegend zweizügig. Wir vergeben den Ersten Allgemeinbildenden Schulabschluss und den Mittleren Schulabschluss. Bei uns sind etwa 50 Pädagoginnen und Pädagogen tätig. Unsere Schule ist persönlich und überschaubar.[/vc_column_text][/vc_column_inner][vc_column_inner width=&#8221;1/3&#8243;][vc_single_image image=&#8221;7483&#8243; img_size=&#8221;large&#8221; alignment=&#8221;center&#8221; dp_animation=&#8221;&#8221;][/vc_column_inner][/vc_row_inner]<div style="height:40px; width:100%;clear:both"></div>[/vc_column][/vc_row][vc_row type=&#8221;full_width&#8221; parallax_bg=&#8221;true&#8221; video_bg=&#8221;&#8221; css=&#8221;.vc_custom_1612962222820{margin-top: -5px !important;margin-bottom: 0px !important;border-bottom-width: 0px !important;padding-top: 120px !important;padding-bottom: 140px !important;background-image: url(https://www.hms-luebeck.de/wp-content/uploads/2017/12/2017_H-M-S_MG_7591.CR2-bearb-1.jpg?id=7481) !important;}&#8221; el_id=&#8221;homeparallax&#8221;][vc_column dp_animation=&#8221;&#8221;][vc_column_text dp_animation=&#8221;&#8221;]</p>
<h3 style="text-align: center; color: #fff;">Unsere Schule ist persönlich und überschaubar.</h3>
<p>[/vc_column_text]<div style="height:20px; width:100%;clear:both"></div>[vc_column_text dp_animation=&#8221;&#8221;]</p>
<h1 style="text-align: center; color: #fff;">Wir sind für unsere Schülerinnen und Schüler da!</h1>
<p>[/vc_column_text]<div style="height:30px; width:100%;clear:both"></div><p class="center"><a id="button-1729100262" href="/menschen/schulleitung/" target="_self" class="button_dp large line-white" ><span> Schulleitungsteam</span></a><style scoped></style></p><div style="height:10px; width:100%;clear:both"></div>[/vc_column][/vc_row]</p>
</div>

<p>[vc_row type=&#8221;full_width&#8221; video_bg=&#8221;&#8221;][vc_column dp_animation=&#8221;&#8221;][rev_slider_vc alias=&#8221;home&#8221;][/vc_column][/vc_row][vc_row type=&#8221;grid&#8221; video_bg=&#8221;&#8221;][vc_column dp_animation=&#8221;&#8221;][/vc_column][/vc_row][vc_row type=&#8221;grid&#8221; video_bg=&#8221;&#8221; css=&#8221;.vc_custom_1513330307323{background-color: #f6f6f8 !important;}&#8221;][vc_column width=&#8221;2/3&#8243; dp_animation=&#8221;&#8221;][/vc_column][vc_column width=&#8221;1/3&#8243; dp_animation=&#8221;&#8221;][/vc_column][/vc_row][vc_row type=&#8221;grid&#8221; video_bg=&#8221;&#8221;][vc_column dp_animation=&#8221;&#8221;][vc_row_inner][vc_column_inner width=&#8221;2/3&#8243;][vc_column_text dp_animation=&#8221;&#8221;]Die Heinrich-Mann-Schule Lübeck ist <p><a class="readon" href="https://www.hms-luebeck.de/en/wichtige-info/"><span>Mehr lesen</span></a></p></p>
