{"id":9846,"date":"2021-08-02T10:40:15","date_gmt":"2021-08-02T08:40:15","guid":{"rendered":"https:\/\/www.hms-luebeck.de\/?page_id=9846"},"modified":"2021-08-04T16:57:59","modified_gmt":"2021-08-04T14:57:59","slug":"%d8%a7%d9%84%d8%ae%d8%af%d9%85%d8%a9-%d8%a7%d9%84%d8%a7%d8%ac%d8%aa%d9%85%d8%a7%d8%b9%d9%8a%d8%a9","status":"publish","type":"page","link":"https:\/\/www.hms-luebeck.de\/ar\/%d8%a7%d9%84%d8%ae%d8%af%d9%85%d8%a9-%d8%a7%d9%84%d8%a7%d8%ac%d8%aa%d9%85%d8%a7%d8%b9%d9%8a%d8%a9\/","title":{"rendered":"\u0627\u0644\u062e\u062f\u0645\u0629 \u0627\u0644\u0627\u062c\u062a\u0645\u0627\u0639\u064a\u0629"},"content":{"rendered":"<div class=\"wpb-content-wrapper\"><p>[vc_row type=&#8221;grid&#8221; video_bg=&#8221;&#8221;][vc_column dp_animation=&#8221;&#8221;]<div class=\"headline  \"><h3><span>Jens Lindemann &#8211; Schulsozialarbeit Moisling<\/span><\/h3><\/div>[vc_column_text dp_animation=&#8221;&#8221;]\u201eAls Schulsozialarbeiter ist es meine Aufgabe, den an der Schule t\u00e4tigen Menschen meine fachliche Unterst\u00fctzung anzubieten:<br \/>\nDas betrifft Sch\u00fcler_innen, Lehrer_innen, Eltern und alle Anderen, die in der Schule arbeiten. Dabei ist mein Angebot freiwillig und durch eine Schweigepflicht abgesichert.<br \/>\nKonkret unterst\u00fctze ich u.a. durch:\u201c<\/p>\n<p><strong>Beratung im schulischen Bereich (f\u00fcr Lehrkr\u00e4fte und Sch\u00fcler_innen)<\/strong><\/p>\n<ul>\n<li>bei Problemen mit Mitsch\u00fcler_innen und \/ oder Lehrkr\u00e4ften<\/li>\n<li>bei h\u00e4ufigen Fehlzeiten<\/li>\n<\/ul>\n<p><strong>Beratung im famili\u00e4ren Bereich (f\u00fcr Eltern), z.B.<\/strong><\/p>\n<ul>\n<li>bei Problemen mit Eltern oder Geschwistern<\/li>\n<li>durch Unterst\u00fctzung bei schulischen Problemen des Kindes<\/li>\n<li>zur Vermittlung hilfreicher au\u00dferschulischer Angebote<\/li>\n<li>durch Unterst\u00fctzung bei Erziehungsfragen<\/li>\n<\/ul>\n<p><strong>Beratung im pers\u00f6nlichen Bereich (f\u00fcr Sch\u00fcler_innen), z. B.<\/strong><\/p>\n<ul>\n<li>bei Stress mit Freund_innen<\/li>\n<li>bei Problemen in der Clique<\/li>\n<li>zur Vermittlung hilfreicher Kontakte<\/li>\n<\/ul>\n<p><strong>Vermittlung zwischen Schule und Elternhaus<\/strong><br \/>\n<strong>Teilnahme an Gespr\u00e4chen mit Lehrkr\u00e4ften<\/strong><\/p>\n<p>\u201eWenn Sie Fragen haben, ein Gespr\u00e4ch vereinbaren m\u00f6chten oder Sie einen Austausch w\u00fcnschen, bitte ich Sie, mit mir Kontakt aufzunehmen:\u201c<br \/>\nFestnetz: 0451-122 83-650<br \/>\nMobil: 0151 145 303 26<br \/>\nE-Mail: <a href=\"mailto:jens.lindemann@luebeck.de\">jens.lindemann@luebeck.de<\/a>[\/vc_column_text][\/vc_column][\/vc_row][vc_row type=&#8221;grid&#8221; video_bg=&#8221;&#8221;][vc_column dp_animation=&#8221;&#8221;][vc_separator css=&#8221;.vc_custom_1515487452956{padding-top: 20px !important;padding-bottom: 20px !important;}&#8221;][\/vc_column][\/vc_row][vc_row type=&#8221;grid&#8221; video_bg=&#8221;&#8221;][vc_column dp_animation=&#8221;&#8221;]<div class=\"headline  \"><h3><span>Karin Fabian &#8211; Schulsozialarbeit Moisling<\/span><\/h3><\/div>[vc_column_text dp_animation=&#8221;&#8221;]Ich arbeite in der Hauptsache f\u00fcr die Moislinger Grundsch\u00fcler, den Eltern und den Lehrerinnen und Lehrern des Grundschulbereichs.<\/p>\n<p>Manchmal trifft man mich deshalb auch in der \u201eGrundschule am M\u00fchlenweg\u201c und in der \u201eGrundschule Niendorf\u201c an.<br \/>\nMein B\u00fcro ist aber neben dem von Jens Lindemann, n\u00e4mlich im ersten Stock der \u201eHeinrich Mann Schule\u201c.<br \/>\nJens Lindemann und ich vertreten uns gegenseitig in dringenden F\u00e4llen und arbeiten manchmal direkt zusammen.<\/p>\n<p>Alle Sch\u00fcler und Sch\u00fclerinnen und ihre Eltern haben die M\u00f6glichkeit zu w\u00e4hlen, ob sie lieber zu einem Mann oder zu einer Frau mit ihrem Anliegen gehen m\u00f6chten.<\/p>\n<p>Sie erreichen mich \u00fcber folgende Mobil Nummer:<br \/>\n0151 16 15 43 62<\/p>\n<p>Wenn Ihr Fragen habt, liebe Sch\u00fclerinnen und Sch\u00fcler, oder ein Problem &#8211; kommt direkt vorbei!<br \/>\nWenn Sie, liebe Eltern, Fragen haben melden Sie sich gerne unter der Telefonnummer, gemeinsam vereinbaren wir einen Gespr\u00e4chstermin![\/vc_column_text][\/vc_column][\/vc_row]<\/p>\n<\/div>","protected":false},"excerpt":{"rendered":"<p>[vc_row type=&#8221;grid&#8221; video_bg=&#8221;&#8221;][vc_column dp_animation=&#8221;&#8221;][vc_column_text dp_animation=&#8221;&#8221;]\u201eAls Schulsozialarbeiter ist es meine Aufgabe, den an der Schule t\u00e4tigen Menschen meine fachliche Unterst\u00fctzung anzubieten: Das betrifft Sch\u00fcler_innen, Lehrer_innen, Eltern <p><a class=\"readon\" href=\"https:\/\/www.hms-luebeck.de\/ar\/%d8%a7%d9%84%d8%ae%d8%af%d9%85%d8%a9-%d8%a7%d9%84%d8%a7%d8%ac%d8%aa%d9%85%d8%a7%d8%b9%d9%8a%d8%a9\/\"><span>Mehr lesen<\/span><\/a><\/p><\/p>\n","protected":false},"author":10,"featured_media":0,"parent":0,"menu_order":0,"comment_status":"closed","ping_status":"closed","template":"template.threequarterwidth.php","meta":{"footnotes":""},"class_list":["post-9846","page","type-page","status-publish","hentry"],"_links":{"self":[{"href":"https:\/\/www.hms-luebeck.de\/ar\/wp-json\/wp\/v2\/pages\/9846","targetHints":{"allow":["GET"]}}],"collection":[{"href":"https:\/\/www.hms-luebeck.de\/ar\/wp-json\/wp\/v2\/pages"}],"about":[{"href":"https:\/\/www.hms-luebeck.de\/ar\/wp-json\/wp\/v2\/types\/page"}],"author":[{"embeddable":true,"href":"https:\/\/www.hms-luebeck.de\/ar\/wp-json\/wp\/v2\/users\/10"}],"replies":[{"embeddable":true,"href":"https:\/\/www.hms-luebeck.de\/ar\/wp-json\/wp\/v2\/comments?post=9846"}],"version-history":[{"count":5,"href":"https:\/\/www.hms-luebeck.de\/ar\/wp-json\/wp\/v2\/pages\/9846\/revisions"}],"predecessor-version":[{"id":11027,"href":"https:\/\/www.hms-luebeck.de\/ar\/wp-json\/wp\/v2\/pages\/9846\/revisions\/11027"}],"wp:attachment":[{"href":"https:\/\/www.hms-luebeck.de\/ar\/wp-json\/wp\/v2\/media?parent=9846"}],"curies":[{"name":"wp","href":"https:\/\/api.w.org\/{rel}","templated":true}]}}

الخدمة الاجتماعية

<div class="wpb-content-wrapper"><p>[vc_row type=&#8221;grid&#8221; video_bg=&#8221;&#8221;][vc_column dp_animation=&#8221;&#8221;]<div class="headline  "><h3><span>Jens Lindemann &#8211; Schulsozialarbeit Moisling</span></h3></div>[vc_column_text dp_animation=&#8221;&#8221;]„Als Schulsozialarbeiter ist es meine Aufgabe, den an der Schule tätigen Menschen meine fachliche Unterstützung anzubieten:<br />
Das betrifft Schüler_innen, Lehrer_innen, Eltern und alle Anderen, die in der Schule arbeiten. Dabei ist mein Angebot freiwillig und durch eine Schweigepflicht abgesichert.<br />
Konkret unterstütze ich u.a. durch:“</p>
<p><strong>Beratung im schulischen Bereich (für Lehrkräfte und Schüler_innen)</strong></p>
<ul>
<li>bei Problemen mit Mitschüler_innen und / oder Lehrkräften</li>
<li>bei häufigen Fehlzeiten</li>
</ul>
<p><strong>Beratung im familiären Bereich (für Eltern), z.B.</strong></p>
<ul>
<li>bei Problemen mit Eltern oder Geschwistern</li>
<li>durch Unterstützung bei schulischen Problemen des Kindes</li>
<li>zur Vermittlung hilfreicher außerschulischer Angebote</li>
<li>durch Unterstützung bei Erziehungsfragen</li>
</ul>
<p><strong>Beratung im persönlichen Bereich (für Schüler_innen), z. B.</strong></p>
<ul>
<li>bei Stress mit Freund_innen</li>
<li>bei Problemen in der Clique</li>
<li>zur Vermittlung hilfreicher Kontakte</li>
</ul>
<p><strong>Vermittlung zwischen Schule und Elternhaus</strong><br />
<strong>Teilnahme an Gesprächen mit Lehrkräften</strong></p>
<p>„Wenn Sie Fragen haben, ein Gespräch vereinbaren möchten oder Sie einen Austausch wünschen, bitte ich Sie, mit mir Kontakt aufzunehmen:“<br />
Festnetz: 0451-122 83-650<br />
Mobil: 0151 145 303 26<br />
E-Mail: <a href="mailto:jens.lindemann@luebeck.de">jens.lindemann@luebeck.de</a>[/vc_column_text][/vc_column][/vc_row][vc_row type=&#8221;grid&#8221; video_bg=&#8221;&#8221;][vc_column dp_animation=&#8221;&#8221;][vc_separator css=&#8221;.vc_custom_1515487452956{padding-top: 20px !important;padding-bottom: 20px !important;}&#8221;][/vc_column][/vc_row][vc_row type=&#8221;grid&#8221; video_bg=&#8221;&#8221;][vc_column dp_animation=&#8221;&#8221;]<div class="headline  "><h3><span>Karin Fabian &#8211; Schulsozialarbeit Moisling</span></h3></div>[vc_column_text dp_animation=&#8221;&#8221;]Ich arbeite in der Hauptsache für die Moislinger Grundschüler, den Eltern und den Lehrerinnen und Lehrern des Grundschulbereichs.</p>
<p>Manchmal trifft man mich deshalb auch in der „Grundschule am Mühlenweg“ und in der „Grundschule Niendorf“ an.<br />
Mein Büro ist aber neben dem von Jens Lindemann, nämlich im ersten Stock der „Heinrich Mann Schule“.<br />
Jens Lindemann und ich vertreten uns gegenseitig in dringenden Fällen und arbeiten manchmal direkt zusammen.</p>
<p>Alle Schüler und Schülerinnen und ihre Eltern haben die Möglichkeit zu wählen, ob sie lieber zu einem Mann oder zu einer Frau mit ihrem Anliegen gehen möchten.</p>
<p>Sie erreichen mich über folgende Mobil Nummer:<br />
0151 16 15 43 62</p>
<p>Wenn Ihr Fragen habt, liebe Schülerinnen und Schüler, oder ein Problem &#8211; kommt direkt vorbei!<br />
Wenn Sie, liebe Eltern, Fragen haben melden Sie sich gerne unter der Telefonnummer, gemeinsam vereinbaren wir einen Gesprächstermin![/vc_column_text][/vc_column][/vc_row]</p>
</div>

<p>[vc_row type=&#8221;grid&#8221; video_bg=&#8221;&#8221;][vc_column dp_animation=&#8221;&#8221;][vc_column_text dp_animation=&#8221;&#8221;]„Als Schulsozialarbeiter ist es meine Aufgabe, den an der Schule tätigen Menschen meine fachliche Unterstützung anzubieten: Das betrifft Schüler_innen, Lehrer_innen, Eltern <p><a class="readon" href="https://www.hms-luebeck.de/ar/%d8%a7%d9%84%d8%ae%d8%af%d9%85%d8%a9-%d8%a7%d9%84%d8%a7%d8%ac%d8%aa%d9%85%d8%a7%d8%b9%d9%8a%d8%a9/"><span>Mehr lesen</span></a></p></p>
